{"id":5216,"date":"2024-04-06T13:43:10","date_gmt":"2024-04-06T11:43:10","guid":{"rendered":"https:\/\/sf-germany.org\/einheiten\/uss-artemis\/?page_id=5216"},"modified":"2024-04-06T13:43:10","modified_gmt":"2024-04-06T11:43:10","slug":"reece-azuma","status":"publish","type":"page","link":"https:\/\/sf-germany.org\/einheiten\/uss-artemis\/crew\/reece-azuma\/","title":{"rendered":"Reece Azuma"},"content":{"rendered":"<table style=\"background: none; border: 0px solid #ffffff; font-weight: bold;\" border=\"0\" width=\"95%\" cellspacing=\"5\" cellpadding=\"5\" align=\"center\">\n<tbody>\n<tr>\n<td style=\"background: none; border-radius: 1em; border: 0px solid #003366; box-shadow: 0.1em 0.1em 0.5em rgba(0,0,0,0.75); -webkit-border-radius: 1em; -moz-border-radius: 1em; -moz-box-shadow: 0.1em 0.1em 0.5em rgba(0, 0, 0, 0.75); -webkit-box-shadow: 0.1em 0.1em 0.5em rgba(0, 0, 0, 0.75);\" colspan=\"5\" rowspan=\"3\" align=\"center\" valign=\"middle\">\n<h2><strong>Reece Edmund Azuma<\/strong><\/h2>\n<\/td>\n<\/tr>\n<\/tbody>\n<\/table>\n<p>&nbsp;<\/p>\n<div style=\"float: left; margin-right: 15px; margin-bottom: 15px; font-size: 11px; width: 300px; padding-left: 10px; padding-right: 10px;\">\n<table style=\"background: none; border: 0px solid #003366; margin-bottom: 15px; margin-right: 15px; float: left; border-radius: 1em; box-shadow: rgba(0, 0, 0, 0.75) 0.1em 0.1em 0.5em; width: 82.668%;\" border=\"1\" width=\"250\" cellspacing=\"10\" align=\"right\">\n<tbody>\n<tr>\n<td style=\"border: 0px solid transparent; font-weight: bold; width: 87.9518%;\" colspan=\"2\" align=\"center\" width=\"250\"><a href=\"https:\/\/sf-germany.org\/einheiten\/uss-artemis\/wp-content\/uploads\/2024\/04\/reece3.png\" rel=\"lightbox-0\"><img loading=\"lazy\" decoding=\"async\" class=\"alignnone wp-image-3749\" src=\"https:\/\/sf-germany.org\/einheiten\/uss-artemis\/wp-content\/uploads\/2024\/04\/reece3.png\" alt=\"\" width=\"230\" height=\"230\" \/><\/a><\/td>\n<\/tr>\n<tr>\n<td style=\"border: 0px solid transparent; font-weight: bold; width: 87.9518%;\" colspan=\"2\" align=\"center\" width=\"250\">Reece Azuma<\/td>\n<\/tr>\n<tr>\n<td style=\"border: 0px solid transparent; font-weight: bold; width: 41.3655%;\" align=\"right\" width=\"111\">Status<\/td>\n<td style=\"border: 0px solid transparent; width: 46.5863%;\" align=\"left\" width=\"129\">PC<\/td>\n<\/tr>\n<tr>\n<td style=\"border: 0px solid transparent; font-weight: bold; width: 41.3655%;\" align=\"right\" width=\"111\">Spieler<\/td>\n<td style=\"border: 0px solid transparent; width: 46.5863%;\" align=\"left\" width=\"129\">Tom Dcb<\/td>\n<\/tr>\n<tr>\n<td style=\"background: #555555; border: 0px solid #003366; font-weight: bold; border-radius: 1em; box-shadow: rgba(0, 0, 0, 0.75) 0.1em 0.1em 0.5em; width: 87.9518%;\" colspan=\"2\" align=\"center\" width=\"240\">Dienstliche Informationen<\/td>\n<\/tr>\n<tr>\n<td style=\"border: 0px solid transparent; font-weight: bold; vertical-align: middle; width: 41.3655%;\" align=\"right\" width=\"111\">Ranggrafik<\/td>\n<td style=\"border: 0px solid transparent; width: 46.5863%;\" align=\"left\" width=\"129\"><img loading=\"lazy\" decoding=\"async\" class=\"alignnone wp-image-3619\" src=\"https:\/\/sf-germany.org\/einheiten\/uss-artemis\/wp-content\/uploads\/2022\/09\/r-o1-1.png\" alt=\"Ensign\" width=\"100\" height=\"25\" \/><\/td>\n<\/tr>\n<tr>\n<td style=\"border: 0px solid transparent; font-weight: bold; width: 41.3655%;\" align=\"right\" width=\"111\">Rang<\/td>\n<td style=\"border: 0px solid transparent; width: 46.5863%;\" align=\"left\" width=\"129\">Ensign<\/td>\n<\/tr>\n<tr>\n<td style=\"border: 0px solid transparent; font-weight: bold; width: 41.3655%;\" align=\"right\" width=\"111\">Posten<\/td>\n<td style=\"border: 0px solid transparent; width: 46.5863%;\" align=\"left\" width=\"129\">TAK<\/td>\n<\/tr>\n<tr>\n<td style=\"border: 0px solid transparent; font-weight: bold; width: 41.3655%;\" align=\"right\" width=\"111\">Stationierung<\/td>\n<td style=\"border: 0px solid transparent; width: 46.5863%;\" align=\"left\" width=\"129\">USS Artemis<\/td>\n<\/tr>\n<tr>\n<td style=\"background: #555555; border: 0px solid #003366; font-weight: bold; border-radius: 1em; box-shadow: rgba(0, 0, 0, 0.75) 0.1em 0.1em 0.5em; width: 87.9518%;\" colspan=\"2\" align=\"center\" width=\"250\">Biographische Informationen<\/td>\n<\/tr>\n<tr>\n<td style=\"border: 0px solid transparent; font-weight: bold; width: 41.3655%;\" align=\"right\" width=\"111\">Geburtsjahr<\/td>\n<td style=\"border: 0px solid transparent; width: 46.5863%;\" align=\"left\" width=\"129\">2389<\/td>\n<\/tr>\n<tr>\n<td style=\"border: 0px solid transparent; font-weight: bold; width: 41.3655%;\" align=\"right\" width=\"111\">Geburtsort<\/td>\n<td style=\"border: 0px solid transparent; width: 46.5863%;\" align=\"left\" width=\"129\">Unbekannt<\/td>\n<\/tr>\n<tr>\n<td style=\"border: 0px solid transparent; font-weight: bold; width: 41.3655%;\" align=\"right\" width=\"111\">Familienstand<\/td>\n<td style=\"border: 0px solid transparent; width: 46.5863%;\" align=\"left\" width=\"129\">ledig<\/td>\n<\/tr>\n<tr>\n<td style=\"border: 0px solid transparent; font-weight: bold; width: 41.3655%;\" align=\"right\" width=\"111\">Eltern<\/td>\n<td style=\"border: 0px solid transparent; width: 46.5863%;\" align=\"left\" width=\"129\">Thindra Azuma (Mutter)<\/td>\n<\/tr>\n<tr>\n<td style=\"background: #555555; border: 0px solid #003366; font-weight: bold; border-radius: 1em; box-shadow: rgba(0, 0, 0, 0.75) 0.1em 0.1em 0.5em; width: 87.9518%;\" colspan=\"2\" align=\"center\" width=\"250\">Physische Beschreibung<\/td>\n<\/tr>\n<tr>\n<td style=\"border: 0px solid transparent; font-weight: bold; width: 41.3655%;\" align=\"right\" width=\"111\">Spezies<\/td>\n<td style=\"border: 0px solid transparent; width: 46.5863%;\" align=\"left\" width=\"129\">Mensch\/Trill<\/td>\n<\/tr>\n<tr>\n<td style=\"border: 0px solid transparent; font-weight: bold; width: 41.3655%;\" align=\"right\" width=\"111\">Geschlecht<\/td>\n<td style=\"border: 0px solid transparent; width: 46.5863%;\" align=\"left\" width=\"129\">m\u00e4nnlich<\/td>\n<\/tr>\n<tr>\n<td style=\"border: 0px solid transparent; font-weight: bold; width: 41.3655%;\" align=\"right\" width=\"111\">Gr\u00f6\u00dfe<\/td>\n<td style=\"border: 0px solid transparent; width: 46.5863%;\" align=\"left\" width=\"129\">1,75m<\/td>\n<\/tr>\n<tr>\n<td style=\"border: 0px solid transparent; font-weight: bold; width: 41.3655%;\" align=\"right\" width=\"111\">Gewicht<\/td>\n<td style=\"border: 0px solid transparent; width: 46.5863%;\" align=\"left\" width=\"129\">70 kg<\/td>\n<\/tr>\n<tr>\n<td style=\"border: 0px solid transparent; font-weight: bold; width: 41.3655%;\" align=\"right\" width=\"111\">Haarfarbe<\/td>\n<td style=\"border: 0px solid transparent; width: 46.5863%;\" align=\"left\" width=\"129\">rot<\/td>\n<\/tr>\n<tr>\n<td style=\"border: 0px solid transparent; font-weight: bold; width: 41.3655%;\" align=\"right\" width=\"111\">Augenfarbe<\/td>\n<td style=\"border: 0px solid transparent; width: 46.5863%;\" align=\"left\" width=\"129\">gr\u00fcn und grau (je eines)<\/td>\n<\/tr>\n<tr>\n<td style=\"border: 0px solid transparent; font-weight: bold; width: 41.3655%;\" align=\"right\" width=\"111\">Hautfarbe<\/td>\n<td style=\"border: 0px solid transparent; width: 46.5863%;\" align=\"left\" width=\"129\">kaukasisch mit typischen Trill-Punkten<\/td>\n<\/tr>\n<tr>\n<td style=\"border: 0px solid transparent; font-weight: bold; width: 41.3655%;\" align=\"right\" width=\"111\">Figur<\/td>\n<td style=\"border: 0px solid transparent; width: 46.5863%;\" align=\"left\" width=\"129\">sportlich<\/td>\n<\/tr>\n<tr>\n<td style=\"background: #555555; border: 0px solid #003366; font-weight: bold; border-radius: 1em; box-shadow: rgba(0, 0, 0, 0.75) 0.1em 0.1em 0.5em; width: 87.9518%;\" colspan=\"2\" align=\"center\" width=\"250\">Politische Informationen<\/td>\n<\/tr>\n<tr>\n<td style=\"border: 0px solid transparent; font-weight: bold; width: 41.3655%;\" align=\"right\" width=\"111\">B\u00fcrgerschaft<\/td>\n<td style=\"border: 0px solid transparent; width: 46.5863%;\" align=\"left\" width=\"129\">UFP<\/td>\n<\/tr>\n<tr>\n<td style=\"border: 0px solid transparent; font-weight: bold; width: 41.3655%;\" align=\"right\" width=\"111\">\u00a0Religion<\/td>\n<td style=\"border: 0px solid transparent; width: 46.5863%;\" align=\"left\" width=\"129\">?<\/td>\n<\/tr>\n<\/tbody>\n<\/table>\n<\/div>\n<p><strong><span style=\"font-family: 'Big Shoulders Text'; font-size: 24pt;\">Lebenslauf<\/span><\/strong><\/p>\n<p>Reece wurde auf einem ihm unbekannten Planeten au\u00dferhalb der F\u00f6deration geboren. Er kann sich nicht an seinen Vater erinnern und das einzige Andenken an ihn sind dessen Ensign-Abzeichen. Er wei\u00df nur, dass seine Mutter und er durch ihn \u00fcberlebt haben und dass er dessen Haare und Namen tr\u00e4gt.<br \/>\nIm Alter von etwa 12 Jahren wurde er auf der Sternenbasis Esperanza unter dem damaligen Kommando von CO Stewart erstmals in der F\u00f6deration als Waise registriert, ohne Identifikation und mit einer offensichtlich belastenden Vergangenheit. Sein einziger Wertgegenstand waren die besagten Abzeichen seines Vaters. Counsellor Yumeka \u00fcbernahm die psychologische Betreuung. Sie diagnostizierte mehrere Traumata und brachte ihn bei Caroline und John Declan als Ersatzeltern unter, die selbst keine Kinder bekommen konnten.<\/p>\n<p>W\u00e4hrend Reece mit Nachhilfe versuchte, den schulischen Anforderungen gerecht zu werden, gelang es Yumeka nicht, Informationen \u00fcber seinen Vater zu ermitteln. Zur Bek\u00e4mpfung einer Tierphobie vermittelte sie ihn an die Menagerie der Station und ein Jahr sp\u00e4ter \u00fcbernahm er bereitwillig die F\u00fctterung der Raubkatzen. Diese Stelle musste er jedoch j\u00e4h aufgeben, nachdem er von einer Alvanianischen Biene gestochen wurde, die einen anaphylaktischen Schock verursachte. Yumeka widmete sich ebenso intensiv den Verarbeitungen \u00fcber die Verluste seiner Eltern und anschlie\u00dfenden Misshandlungen, bevor er die Esperanza erreichte. Ferner empfahl sie ihm therapeutisches Boxen, das Reece sp\u00e4ter auf die Kampfsportart Makrava erweiterte, die er auch heute noch betreibt. Bis jetzt hat sich Reece nur Yumeka \u00fcber seine Vergangenheit ge\u00f6ffnet, die in den sechs Jahren auf der Station zu seiner besten Freundin wurde.<\/p>\n<p>Auch wenn er von wenigen Mitsch\u00fclern aufgrund seiner Narben anfangs ausgeschlossen wurde, zeigte er mit der Zeit bessere Noten und engagierte sich auf der Station bereitwillig f\u00fcr ehrenamtliche T\u00e4tigkeiten. Angetrieben durch die Pins seines Vaters und unterst\u00fctzt und ermutigt durch die Counsellor und seinen Pflegeeltern bat Reece mit 18 Jahren Captain Stewart um eine pers\u00f6nliche Empfehlung, um sich bei der Akademie zu bewerben.<\/p>\n<p>Den Aufnahmetest bestand er mit 19 Jahren nur knapp. Obwohl er eine hohe Logik und k\u00f6rperliche Fitness zeigte, lag seine gr\u00f6\u00dfte Schw\u00e4che im Schriftbild, an dem er in den folgenden Jahren weiterhin stark arbeitete. Seine Intelligenz und hohe Auffassungsgabe halfen ihm in den folgenden vier Jahren, in denen er als ersten Schwerpunkt Sicherheit w\u00e4hlte. Er zeigte ein ausgepr\u00e4gtes Interesse f\u00fcr sowohl den bewaffneten als auch unbewaffneten Kampf sowie den Umgang mit Fahrzeugen und Flugger\u00e4ten. Letzteres empfahl ihn f\u00fcr den zweiten Schwerpunkt Navigation, in dem er sich ausgezeichnete F\u00e4higkeiten als Pilot und im Raumkampf aneignete. Neben dem Unterricht investierte er neben dem Sport Zeit in seine private Weiterbildung, um den zunehmenden Anforderungen gerecht zu werden. Als zus\u00e4tzlichen Ausgleich konnte er f\u00fcr sich die T\u00e4nze Swing und Masurka entdecken.<\/p>\n<p>Nachdem er seine Kadettenfahrt 2414 beendete und die theoretische Abschlusspr\u00fcfung bestand, freute er sich sehr, nicht nur seine Pflegeeltern Caroline und John Declan wiederzusehen, sondern vor allem \u00fcber den Besuch von Yumeka, die ihm mit Tr\u00e4nen in den Augen zur Aufnahme in der Sternenflotte gratulierte.<br \/>\nF\u00fcr seine erste Aufgabe wurde er ohne gezielte TAK-Ausbildung auf der USS Reanudar als sTAK versetzt, wo er sein Wissen kontinuierlich erweiterte und Erfahrungen auf diesem Posten sammeln konnte.<\/p>\n<hr \/>\n<p><b>Tabellarischer Lebenslauf<\/b><\/p>\n<ul>\n<li>2389 Geburt auf unbekanntem Planeten<\/li>\n<li>2401 Registrierung auf der SB Esperanza<\/li>\n<li>2408 Aufnahme bei der Akademie (Schwerpunkte: Sicherheit, Navigation)<\/li>\n<li>2413 Beendigung Studium mit Empfehlung f\u00fcr CSO<\/li>\n<li>2414 Beendigung Kadettenfahrt und theoretische Abschlusspr\u00fcfung<\/li>\n<li>2415 Versetzung auf die USS Reanudar (sTAK)<\/li>\n<li>2416 Versetzung auf die USS Artemis (TAK)<\/li>\n<\/ul>\n<hr \/>\n<p><strong><span style=\"font-family: 'Big Shoulders Text'; font-size: 24pt;\">Psychologisches Profil<\/span><\/strong><\/p>\n<p>Auf den ersten Blick scheint Reece anfangs verschlossen zu sein. Sein Vertrauen muss erarbeitet werden, da er in seiner Vergangenheit mehrere Traumata erlebte, \u00fcber die er nicht spricht. Diese scheinen der Grund zu sein, dass er sich im Schwerpunkt Sicherheit spezialisierte: \u201eIch m\u00f6chte nie wieder hilflos sein\u201c, war eine Aussage, die er bei einem Gespr\u00e4ch mit dem Counsellor der Akademie t\u00e4tigte. Sein Interesse am Makrava unterst\u00fctzt diese Vermutung. Dasselbe Trauma erschwert es ihm anscheinend, Beziehungen einzugehen. Gelingt dies jedoch, so ist er stets f\u00fcr seine Freunde da. Er zeigt einen ausgepr\u00e4gten Sinn f\u00fcr Gerechtigkeit und einen Besch\u00fctzerinstinkt, speziell gegen\u00fcber Schw\u00e4cheren oder Hilfebed\u00fcrftigen. Trotzdem bewies er w\u00e4hrend seiner Ausbildung, dass er sich der Befehlskette unterordnet und im Team arbeiten kann.<\/p>\n<p>Reece zeigt eine hohe Sensibilit\u00e4t und Empathie, was ihn oft die Stimmungen anderer f\u00fchlen l\u00e4sst. Auf der anderen Seite k\u00f6nnen viele parallele Sinneseindr\u00fccke eine Reiz\u00fcberflutung ausl\u00f6sen. Er vermeidet daher gro\u00dfe Menschenmengen und L\u00e4rm oder ben\u00f6tigt anschlie\u00dfend ausgedehnte Ruhephasen.<br \/>\nDennoch arbeitet er sehr strukturiert und \u00fcbernimmt bereitwillig die Verantwortung f\u00fcr die ihm \u00fcbertragenen Aufgaben. Durch seine hohe Auffassungsgabe kann er sich schnell in neue Themen einarbeiten.<\/p>\n<hr \/>\n<p><strong><span style=\"font-family: 'Big Shoulders Text'; font-size: 24pt;\">Hobbies<\/span><\/strong><\/p>\n<ul>\n<li style=\"list-style-type: none;\">\n<ul>\n<li>Kampfsport \u2013 Makrava<\/li>\n<li>Fliegen<\/li>\n<li>B\u00fccher<\/li>\n<li>Tanzen \u2013 Swing, Masurka<\/li>\n<\/ul>\n<hr \/>\n<p><strong><span style=\"font-family: 'Big Shoulders Text'; font-size: 24pt;\">St\u00e4rken &amp; Schw\u00e4chen<\/span><\/strong><\/p>\n<p><b>Positiv<\/b><\/p>\n<ul>\n<li>Intelligent, hohe Auffassungsgabe<\/li>\n<li>Strukturiertes Arbeiten<\/li>\n<li>Sehr empathisch<\/li>\n<li>\u00dcbernimmt Verantwortung<\/li>\n<li>Verl\u00e4ssliche Intuition<\/li>\n<li>Hoher Sinn f\u00fcr Gerechtigkeit<\/li>\n<li>Ausgezeichnete F\u00e4higkeiten im Raumkampf<\/li>\n<\/ul>\n<p><b>Negativ<\/b><\/p>\n<ul>\n<li>Verschlossen gegen\u00fcber Fremden<\/li>\n<li>Bindungs\u00e4ngste<\/li>\n<li>Sehr nachtragend, wenn er hintergangen wird<\/li>\n<\/ul>\n<hr \/>\n<p><strong><span style=\"font-family: 'Big Shoulders Text'; font-size: 24pt;\">Vorlieben<\/span><\/strong><\/p>\n<ul>\n<li>K\u00f6rperliche Bet\u00e4tigung zum Stressabbau<\/li>\n<li>Feierabendbier in einer ruhigen Umgebung, bevorzugt mit einem Buch<\/li>\n<li>Beobachtet andere Menschen<\/li>\n<\/ul>\n<p><strong><span style=\"font-family: 'Big Shoulders Text'; font-size: 24pt;\">Abneigungen<\/span><\/strong><\/p>\n<ul>\n<li>Extrem viele gleichzeitige Sinneseindr\u00fccke f\u00fchren zu Reiz\u00fcberflutung<\/li>\n<\/ul>\n<hr \/>\n<p><span style=\"font-family: 'Big Shoulders Text'; font-size: 24pt;\"><strong>Medizinisches Profil<\/strong><\/span><\/p>\n<p>Reece zeigt eine gute Fitness, f\u00fcr die er viel Zeit investiert. Seine Freizeit widmet er dem Kampfsport Makrava als k\u00f6rperlichen Ausgleich. Ursache daf\u00fcr ist seine Opferrolle als Kind, die er um jeden Preis vermeiden m\u00f6chte.<\/p>\n<p>Auch wenn sein \u00c4u\u00dferes durch viele alte, verblichene Narben auf R\u00fccken, Armen und Beinen sowie eine deutlich sichtbare Narbe vom linken Jochbein \u00fcber die Wange bis zum Kiefer gekennzeichnet ist, besitzt er ausgezeichnete medizinische Werte. W\u00e4hrend ihm die Verletzung im Gesicht von einer Frachter-Crew zugef\u00fcgt wurde, gehen die verblichenen Narben auf einen Angriff eines Le-mataya zur\u00fcck. W\u00e4hrend seiner Akademiezeit war er nur einmal krankgemeldet und das aufgrund einer Sportverletzung.<\/p>\n<p>Durch seine Trill-Gene hat er eine geringere K\u00f6rpertemperatur als Menschen, was seine Haut oft als k\u00fchl empfinden l\u00e4sst. Ebenso reagiert er dadurch allergisch auf Insektenbisse oder -stiche, speziell Bienen l\u00f6sen einen anaphylaktischen Schock aus.<\/p>\n<hr \/>\n<p><strong><span style=\"font-family: 'Big Shoulders Text'; font-size: 24pt;\">Klassifzierte Sektion<\/span><\/strong><\/p>\n<p>Im Alter von 6 Jahren wurde seine Familie von Pl\u00fcnderern \u00fcberfallen. Seine Mutter Thindra konnte mit ihm fliehen, w\u00e4hrend sein Vater ihnen die n\u00f6tige Zeit daf\u00fcr verschaffte.<\/p>\n<p>In den n\u00e4chsten vier Jahren ersuchte Thindra auf verschiedenen Planeten um Asyl, wurde jedoch nach wenigen Monaten immer wieder abgeschoben, bis sie 2398 an Xenopolycytemia erkrankte. Ein Dreivierteljahr sp\u00e4ter verstarb sie an Bord eines kleinen Handelsschiffes unter gro\u00dfen Schmerzen an den Folgen. Reece hatte bis dahin nur eine grundlegende Bildung durch seine Mutter erhalten. Die Crew behielt ihn an Bord, im Gegenzug f\u00fcr die Ausf\u00fchrung ihm zugewiesener Aufgaben. Oft handelte es sich dabei um unliebsame und gef\u00e4hrliche T\u00e4tigkeiten.<\/p>\n<p>Als er sich weigert, wird ihm Zucht und Ordnung beigebracht. Davon zeugt heute noch eine deutlich sichtbare Narbe von seinem linken Jochbein quer \u00fcber die Wange bis zum Kiefergelenk. Nachdem zwei Jahre sp\u00e4ter ein Le-mataya seinem K\u00e4fig entflieht, greift dieser den jungen Reece an und zerkratzt ihm mit seinen giftigen Klauen dessen K\u00f6rper. Weniger Tage sp\u00e4ter wird er von der Crew auf der Sternenbasis Esperanza ausgesetzt, wo sich das medizinische Team seinen Verletzungen annimmt und ihn vor dem drohenden Tod rettet.<\/li>\n<\/ul>\n","protected":false},"excerpt":{"rendered":"<p>Reece Edmund Azuma &nbsp; Reece Azuma Status PC Spieler Tom Dcb Dienstliche Informationen Ranggrafik Rang Ensign Posten TAK Stationierung USS Artemis Biographische Informationen Geburtsjahr 2389 Geburtsort Unbekannt Familienstand ledig Eltern Thindra Azuma (Mutter) Physische Beschreibung Spezies Mensch\/Trill Geschlecht m\u00e4nnlich Gr\u00f6\u00dfe 1,75m Gewicht 70 kg Haarfarbe rot Augenfarbe gr\u00fcn und grau (je eines) Hautfarbe kaukasisch mit&#8230;<\/p>\n<p class=\"more-link-wrap\"><a href=\"https:\/\/sf-germany.org\/einheiten\/uss-artemis\/crew\/reece-azuma\/\" class=\"more-link\">Read More<span class=\"screen-reader-text\"> &ldquo;Reece Azuma&rdquo;<\/span> &raquo;<\/a><\/p>\n","protected":false},"author":2,"featured_media":0,"parent":1543,"menu_order":0,"comment_status":"closed","ping_status":"closed","template":"","meta":{"footnotes":""},"class_list":["post-5216","page","type-page","status-publish","hentry"],"_links":{"self":[{"href":"https:\/\/sf-germany.org\/einheiten\/uss-artemis\/wp-json\/wp\/v2\/pages\/5216","targetHints":{"allow":["GET"]}}],"collection":[{"href":"https:\/\/sf-germany.org\/einheiten\/uss-artemis\/wp-json\/wp\/v2\/pages"}],"about":[{"href":"https:\/\/sf-germany.org\/einheiten\/uss-artemis\/wp-json\/wp\/v2\/types\/page"}],"author":[{"embeddable":true,"href":"https:\/\/sf-germany.org\/einheiten\/uss-artemis\/wp-json\/wp\/v2\/users\/2"}],"replies":[{"embeddable":true,"href":"https:\/\/sf-germany.org\/einheiten\/uss-artemis\/wp-json\/wp\/v2\/comments?post=5216"}],"version-history":[{"count":1,"href":"https:\/\/sf-germany.org\/einheiten\/uss-artemis\/wp-json\/wp\/v2\/pages\/5216\/revisions"}],"predecessor-version":[{"id":5218,"href":"https:\/\/sf-germany.org\/einheiten\/uss-artemis\/wp-json\/wp\/v2\/pages\/5216\/revisions\/5218"}],"up":[{"embeddable":true,"href":"https:\/\/sf-germany.org\/einheiten\/uss-artemis\/wp-json\/wp\/v2\/pages\/1543"}],"wp:attachment":[{"href":"https:\/\/sf-germany.org\/einheiten\/uss-artemis\/wp-json\/wp\/v2\/media?parent=5216"}],"curies":[{"name":"wp","href":"https:\/\/api.w.org\/{rel}","templated":true}]}}