{"id":5035,"date":"2023-09-15T23:44:56","date_gmt":"2023-09-15T21:44:56","guid":{"rendered":"https:\/\/sf-germany.org\/einheiten\/uss-artemis\/?page_id=5035"},"modified":"2023-09-15T23:55:33","modified_gmt":"2023-09-15T21:55:33","slug":"adei-zwillinge","status":"publish","type":"page","link":"https:\/\/sf-germany.org\/einheiten\/uss-artemis\/adei-zwillinge\/","title":{"rendered":"Adei Zwillinge"},"content":{"rendered":"<table style=\"background: none; border: 0px solid #ffffff; font-weight: bold; width: 95%;\" border=\"0\" width=\"95%\" cellspacing=\"5\" cellpadding=\"5\" align=\"center\">\n<tbody>\n<tr>\n<td style=\"background: none; border-radius: 1em; border: 0px solid #003366; box-shadow: 0.1em 0.1em 0.5em rgba(0,0,0,0.75); -moz-border-radius: 1em; -webkit-border-radius: 1em; -moz-box-shadow: 0.1em 0.1em 0.5em rgba(0, 0, 0, 0.75); -webkit-box-shadow: 0.1em 0.1em 0.5em rgba(0, 0, 0, 0.75);\" colspan=\"5\" rowspan=\"3\" align=\"center\" valign=\"middle\"><span style=\"font-family: 'Titillium Web'; font-size: 24pt;\"><b>Deniri &amp; Risto<br \/>\nAdei<\/b><\/span><\/td>\n<\/tr>\n<\/tbody>\n<\/table>\n<table class=\"style=\" style=\"height: 541px; width: 100%;\" border=\"0\" width=\"100%\" cellspacing=\"10\" align=\"center\">\n<tbody>\n<tr style=\"height: 18px;\">\n<td style=\"border: 0px solid transparent; font-weight: bold; height: 18px; width: 88.7719%; text-align: center;\" colspan=\"2\" align=\"center\"><span style=\"font-size: 10pt; font-family: 'Titillium Web';\"><b>Die Adei-Zwillinge<\/b><\/span><br \/>\n<img loading=\"lazy\" decoding=\"async\" class=\"alignnone size-full wp-image-5047\" src=\"https:\/\/sf-germany.org\/einheiten\/uss-artemis\/wp-content\/uploads\/2023\/09\/Adei-Zwillinge3.png\" alt=\"\" width=\"416\" height=\"469\" srcset=\"https:\/\/sf-germany.org\/einheiten\/uss-artemis\/wp-content\/uploads\/2023\/09\/Adei-Zwillinge3.png 416w, https:\/\/sf-germany.org\/einheiten\/uss-artemis\/wp-content\/uploads\/2023\/09\/Adei-Zwillinge3-266x300.png 266w\" sizes=\"auto, (max-width: 416px) 100vw, 416px\" \/><\/td>\n<\/tr>\n<tr style=\"height: 18px;\">\n<td style=\"border: 0px solid transparent; font-weight: bold; height: 18px; width: 41.0526%;\" align=\"right\"><span style=\"font-size: 10pt; font-family: 'Titillium Web';\">Status<\/span><\/td>\n<td style=\"border: 0px solid transparent; height: 18px; width: 47.7193%;\" align=\"left\"><span style=\"font-size: 10pt; font-family: 'Titillium Web';\">NPC<\/span><\/td>\n<\/tr>\n<tr style=\"height: 35px;\">\n<td style=\"border: 0px solid transparent; font-weight: bold; width: 41.0526%; height: 35px; text-align: right;\"><span style=\"font-size: 10pt; font-family: 'Titillium Web';\">Spieler<\/span><\/td>\n<td style=\"border: 0px solid transparent; width: 47.7193%; height: 35px;\"><span style=\"font-size: 10pt; font-family: 'Titillium Web';\">Sven &amp; Fynn<\/span><\/td>\n<\/tr>\n<tr style=\"height: 18px;\">\n<td style=\"background: #555555; border: 0px solid #003366; font-weight: bold; border-radius: 1em; box-shadow: rgba(0, 0, 0, 0.75) 0.1em 0.1em 0.5em; height: 18px; width: 88.7719%;\" colspan=\"2\" align=\"center\"><span style=\"font-size: 10pt; font-family: 'Titillium Web';\">Dienstliche Informationen<\/span><\/td>\n<\/tr>\n<tr style=\"height: 18px;\">\n<td style=\"border: 0px solid transparent; font-weight: bold; height: 18px; width: 41.0526%;\" align=\"right\"><span style=\"font-size: 10pt; font-family: 'Titillium Web';\">Rang<\/span><\/td>\n<td style=\"border: 0px solid transparent; height: 18px; width: 47.7193%;\" align=\"left\"><span style=\"font-size: 10pt; font-family: 'Titillium Web';\"><span style=\"font-size: 10pt; font-family: 'Titillium Web';\">Zivilisten<\/span><\/span><\/td>\n<\/tr>\n<tr style=\"height: 23px;\">\n<td style=\"border: 0px solid transparent; font-weight: bold; width: 41.0526%; text-align: right; height: 23px;\"><span style=\"font-size: 10pt; font-family: 'Titillium Web';\"><strong>Status<\/strong><br \/>\n<\/span><\/td>\n<td style=\"border: 0px solid transparent; width: 47.7193%; height: 23px;\"><span style=\"font-size: 10pt; font-family: 'Titillium Web';\">aktiv<\/span><\/td>\n<\/tr>\n<tr style=\"height: 18px;\">\n<td style=\"border: 0px solid transparent; font-weight: bold; height: 18px; width: 41.0526%;\" align=\"right\"><span style=\"font-size: 10pt; font-family: 'Titillium Web';\">Posten<\/span><\/td>\n<td style=\"border: 0px solid transparent; height: 18px; width: 47.7193%;\" align=\"left\"><span style=\"font-size: 10pt; font-family: 'Titillium Web';\">Au-Pairs<br \/>\n<em>(Shay jr. Roos &amp; Anders Lysgaard)<\/em><\/span><\/td>\n<\/tr>\n<tr style=\"height: 18px;\">\n<td style=\"border: 0px solid transparent; font-weight: bold; height: 18px; width: 41.0526%;\" align=\"right\"><span style=\"font-size: 10pt; font-family: 'Titillium Web';\">Stationierung<\/span><\/td>\n<td style=\"border: 0px solid transparent; height: 18px; width: 47.7193%;\" align=\"left\"><span style=\"font-size: 10pt; font-family: 'Titillium Web';\">U.S.S. Artemis<\/span><\/td>\n<\/tr>\n<tr style=\"height: 18px;\">\n<td style=\"background: #555555; border: 0px solid #003366; font-weight: bold; border-radius: 1em; box-shadow: rgba(0, 0, 0, 0.75) 0.1em 0.1em 0.5em; height: 18px; width: 88.7719%;\" colspan=\"2\" align=\"center\"><span style=\"font-size: 10pt; font-family: 'Titillium Web';\">Biographische Informationen<\/span><\/td>\n<\/tr>\n<tr style=\"height: 18px;\">\n<td style=\"border: 0px solid transparent; font-weight: bold; height: 18px; width: 41.0526%;\" align=\"right\"><span style=\"font-size: 10pt; font-family: 'Titillium Web';\">Geboren<\/span><\/td>\n<td style=\"border: 0px solid transparent; height: 18px; width: 47.7193%;\" align=\"left\"><span style=\"font-size: 10pt; font-family: 'Titillium Web';\">2398<\/span><\/td>\n<\/tr>\n<tr style=\"height: 18px;\">\n<td style=\"border: 0px solid transparent; font-weight: bold; height: 18px; width: 41.0526%;\" align=\"right\"><span style=\"font-size: 10pt; font-family: 'Titillium Web';\">Familienstand<\/span><\/td>\n<td style=\"border: 0px solid transparent; height: 18px; width: 47.7193%;\" align=\"left\"><strong>Deniri:<\/strong> ledig<br \/>\n<strong>Risto:<\/strong> ledig<\/td>\n<\/tr>\n<tr style=\"height: 18px;\">\n<td style=\"border: 0px solid transparent; font-weight: bold; height: 18px; text-align: right; width: 41.0526%;\"><span style=\"font-size: 10pt; font-family: 'Titillium Web';\">Vater<\/span><\/td>\n<td style=\"border: 0px solid transparent; height: 18px; width: 47.7193%;\">Alato Adei<\/td>\n<\/tr>\n<tr style=\"height: 36px;\">\n<td style=\"border: 0px solid transparent; font-weight: bold; height: 36px; width: 41.0526%;\" align=\"right\"><span style=\"font-size: 10pt; font-family: 'Titillium Web';\">Mutter<\/span><\/td>\n<td style=\"border: 0px solid transparent; height: 36px; width: 47.7193%;\" align=\"left\">Karawenna Adei<\/td>\n<\/tr>\n<tr style=\"height: 18px;\">\n<td style=\"background: #555555; border: 0px solid #003366; font-weight: bold; border-radius: 1em; box-shadow: rgba(0, 0, 0, 0.75) 0.1em 0.1em 0.5em; height: 18px; width: 88.7719%;\" colspan=\"2\" align=\"center\"><span style=\"font-size: 10pt; font-family: 'Titillium Web';\">Physische Beschreibung<\/span><\/td>\n<\/tr>\n<tr style=\"height: 18px;\">\n<td style=\"border: 0px solid transparent; font-weight: bold; height: 18px; width: 41.0526%;\" align=\"right\"><span style=\"font-size: 10pt; font-family: 'Titillium Web';\">Spezies<\/span><\/td>\n<td style=\"border: 0px solid transparent; height: 18px; width: 47.7193%;\" align=\"left\"><span style=\"font-size: 15px; font-family: 'Titillium Web';\">Betazoid<\/span><\/td>\n<\/tr>\n<tr style=\"height: 18px;\">\n<td style=\"border: 0px solid transparent; font-weight: bold; height: 18px; width: 41.0526%;\" align=\"right\"><span style=\"font-size: 10pt; font-family: 'Titillium Web';\">Geschlecht<\/span><\/td>\n<td style=\"border: 0px solid transparent; height: 18px; width: 47.7193%;\" align=\"left\"><span style=\"font-size: 15px; font-family: 'Titillium Web';\"><strong>Deniri:<\/strong> weiblich<br \/>\n<strong>Risto:<\/strong> m\u00e4nnlich<\/span><\/td>\n<\/tr>\n<tr style=\"height: 18px;\">\n<td style=\"border: 0px solid transparent; font-weight: bold; height: 18px; width: 41.0526%;\" align=\"right\"><span style=\"font-size: 10pt; font-family: 'Titillium Web';\">Gr\u00f6\u00dfe<\/span><\/td>\n<td style=\"border: 0px solid transparent; height: 18px; width: 47.7193%;\" align=\"left\"><span style=\"font-size: 15px; font-family: 'Titillium Web';\"><strong>Deniri:<\/strong> 1,71m<br \/>\n<strong>Risto:<\/strong> 1,71m<\/span><\/td>\n<\/tr>\n<tr style=\"height: 18px;\">\n<td style=\"border: 0px solid transparent; font-weight: bold; height: 18px; width: 41.0526%;\" align=\"right\"><span style=\"font-size: 10pt; font-family: 'Titillium Web';\">Gewicht<\/span><\/td>\n<td style=\"border: 0px solid transparent; height: 18px; width: 47.7193%;\" align=\"left\"><span style=\"font-size: 15px; font-family: 'Titillium Web';\"><strong>Deniri:<\/strong> 60kg<br \/>\n<strong>Risto:<\/strong> 60kg<\/span><\/td>\n<\/tr>\n<tr style=\"height: 18px;\">\n<td style=\"border: 0px solid transparent; font-weight: bold; height: 18px; width: 41.0526%;\" align=\"right\"><span style=\"font-size: 10pt; font-family: 'Titillium Web';\">Haarfarbe<\/span><\/td>\n<td style=\"border: 0px solid transparent; height: 18px; width: 47.7193%;\" align=\"left\"><span style=\"font-size: 15px; font-family: 'Titillium Web';\"><strong>Deniri:<\/strong> rot-braun\/Kastanie<br \/>\n<strong>Risto:<\/strong> rot-braun\/Kastanie<\/span><\/td>\n<\/tr>\n<tr style=\"height: 18px;\">\n<td style=\"border: 0px solid transparent; font-weight: bold; height: 18px; width: 41.0526%;\" align=\"right\"><span style=\"font-size: 10pt; font-family: 'Titillium Web';\">Augenfarbe<\/span><\/td>\n<td style=\"border: 0px solid transparent; height: 18px; width: 47.7193%;\" align=\"left\"><span style=\"font-size: 15px; font-family: 'Titillium Web';\">schwarz<\/span><\/td>\n<\/tr>\n<tr style=\"height: 18px;\">\n<td style=\"border: 0px solid transparent; font-weight: bold; height: 18px; width: 41.0526%;\" align=\"right\"><span style=\"font-size: 10pt; font-family: 'Titillium Web';\">Aussehen<\/span><\/td>\n<td style=\"border: 0px solid transparent; height: 18px; width: 47.7193%;\" align=\"left\"><span style=\"font-size: 15px; font-family: 'Titillium Web';\">helle Hautfarbe<\/span><\/td>\n<\/tr>\n<tr style=\"height: 36px;\">\n<td style=\"background: #555555; border: 0px solid #003366; font-weight: bold; border-radius: 1em; box-shadow: rgba(0, 0, 0, 0.75) 0.1em 0.1em 0.5em; height: 36px; width: 88.7719%;\" colspan=\"2\" align=\"center\"><span style=\"font-size: 10pt; font-family: 'Titillium Web';\">Politische Informationen<\/span><\/td>\n<\/tr>\n<tr style=\"height: 18px;\">\n<td style=\"border: 0px solid transparent; font-weight: bold; height: 18px; width: 41.0526%;\" align=\"right\"><span style=\"font-size: 10pt; font-family: 'Titillium Web';\">B\u00fcrgerschaft<\/span><\/td>\n<td style=\"border: 0px solid transparent; height: 18px; width: 47.7193%;\" align=\"left\"><span style=\"font-size: 10pt; font-family: 'Titillium Web';\">UFP B\u00fcrger<\/span><\/td>\n<\/tr>\n<tr style=\"height: 23px;\">\n<td style=\"border: 0px solid transparent; font-weight: bold; width: 41.0526%; text-align: right; height: 23px;\"><span style=\"font-size: 10pt; font-family: 'Titillium Web';\">Religion<\/span><\/td>\n<td style=\"border: 0px solid transparent; width: 47.7193%; height: 23px;\"><span style=\"font-size: 10pt; font-family: 'Titillium Web';\">Betazoidisch (Pseudo-Religion, vier Elemente: Feuer)<\/span><\/td>\n<\/tr>\n<tr style=\"height: 46px;\">\n<td style=\"border: 0px solid transparent; font-weight: bold; width: 41.0526%; text-align: right; height: 46px;\"><span style=\"font-size: 10pt; font-family: 'Titillium Web';\">Sprachen<\/span><\/td>\n<td style=\"border: 0px solid transparent; width: 47.7193%; height: 46px;\"><span style=\"font-size: 10pt; font-family: 'Titillium Web';\">Betazoidisch, F\u00f6derationsstandard<\/span><\/td>\n<\/tr>\n<\/tbody>\n<\/table>\n<p><strong><span style=\"font-family: 'Big Shoulders Text'; font-size: 18pt;\">Tabellarischer Lebenslauf<\/span><\/strong><\/p>\n<table style=\"border-collapse: collapse; width: 100%; height: 130px;\">\n<tbody>\n<tr style=\"height: 26px;\">\n<td style=\"width: 9.33735%; height: 26px;\"><\/td>\n<td style=\"width: 36.1446%; height: 26px; text-align: left;\"><strong>Deniri<\/strong><\/td>\n<td style=\"width: 54.5181%; height: 26px; text-align: left;\"><strong>Risto<\/strong><\/td>\n<td style=\"width: 6.3253%; height: 26px;\"><\/td>\n<\/tr>\n<tr style=\"height: 26px;\">\n<td style=\"width: 9.33735%; height: 26px;\">2398<\/td>\n<td style=\"height: 26px; width: 36.1446%; text-align: left;\">Geburt in Texx auf Betazed<\/td>\n<td style=\"width: 60.8434%; height: 26px; text-align: left;\" colspan=\"2\">Geburt in Texx auf Betazed<\/td>\n<\/tr>\n<tr style=\"height: 26px;\">\n<td style=\"width: 9.33735%; height: 26px;\">2404<\/td>\n<td style=\"height: 26px; width: 36.1446%; text-align: left;\">Beginn der Schulausbildung in Texx<\/td>\n<td style=\"width: 60.8434%; height: 26px; text-align: left;\" colspan=\"2\">Beginn der Schulausbildung in Texx<\/td>\n<\/tr>\n<tr style=\"height: 26px;\">\n<td style=\"width: 9.33735%; height: 26px;\">2415<\/td>\n<td style=\"height: 26px; width: 36.1446%; text-align: left;\">Ende der Schulzeit, Auszeit auf Risa<br \/>\nVorbereitung auf&#8217;s Studium<\/td>\n<td style=\"width: 60.8434%; height: 26px; text-align: left;\" colspan=\"2\">Ende der Schulzeit, Auszeit auf Risa<br \/>\nVorbereitung auf&#8217;s Studium<\/td>\n<\/tr>\n<tr style=\"height: 26px;\">\n<td style=\"width: 9.33735%; height: 26px;\">2416<\/td>\n<td style=\"width: 36.1446%; height: 26px; text-align: left;\">Au-Pair f\u00fcr Shay jr. Roos<\/td>\n<td style=\"width: 54.5181%; height: 26px; text-align: left;\">Au-Pair f\u00fcr Anders Lysgaard<\/td>\n<td style=\"width: 6.3253%; height: 26px;\"><\/td>\n<\/tr>\n<\/tbody>\n<\/table>\n<p><strong><span style=\"font-family: 'Big Shoulders Text'; font-size: 18pt;\">Tabellarischer Lebenslauf<\/span><\/strong><\/p>\n<table style=\"border-collapse: collapse; width: 100%;\">\n<tbody>\n<tr style=\"height: 26px;\">\n<td style=\"width: 40.6627%; height: 26px; text-align: left;\"><strong>Deniri<\/strong><\/td>\n<td style=\"width: 50%; height: 26px; text-align: left;\"><strong>Risto<\/strong><\/td>\n<\/tr>\n<tr>\n<td style=\"width: 40.6627%;\">Deniri liebt es zu reisen und sich weiterzubilden. Aufgrund ihrer Spezies bemerkt sie jede L\u00fcge sofort und kommt damit \u00fcberhaupt nicht klar, dass \u00fcberhaupt jemand l\u00fcgen kann. Ansonsten ist sie eine Frohnatur, die in allem etwas Positives findet.<\/p>\n<p>Welchen Ausbildungsweg sie einschlagen m\u00f6chte, hat sie noch nicht herausgefunden, aber die Arbeit mit Menschen liegt ihr. Ihr technisches Verst\u00e4ndnis ist hingegen eher mangelhaft.<\/td>\n<td style=\"width: 50%;\">Auch Risto liebt es zu reisen und sich zu bilden. Zu diesem Zwecke liest er viel und hat einen gesunden Hang zur Neugier. Aufgrund seiner Spezies bemerkt er jede L\u00fcge sofort und kommt nicht gut damit zurecht, warum andere Spezies \u00fcberhaupt L\u00fcgen w\u00fcrden. Ansonsten ist er eine Frohnatur, die in allem etwas Positives findet.<\/p>\n<p>Welches Studium er belegen m\u00f6chten, hat er noch nicht herausfinden aber die Arbeit mit Menschen liegt ihm. Sein technisches Verst\u00e4ndnis ist nicht so mangelhaft wie das seiner Schwester, seine Achillesferse sind Sprachen.<\/td>\n<\/tr>\n<\/tbody>\n<\/table>\n<p><strong><span style=\"font-family: 'Big Shoulders Text'; font-size: 18pt;\">Besonderheiten der Spezies<\/span><\/strong><\/p>\n<p>Deniri und Risto k\u00f6nnen die Gef\u00fchle und die &#8220;obersten&#8221; Gedanken der Angeh\u00f6rigen der meisten Spezies um sie herum lesen und tun es auch. Deniri hat Schwierigkeiten damit, ihre tele-empathischen F\u00e4higkeiten abzuschalten, Risto gelingt dies besser. Er bem\u00fcht sich stets.<\/p>\n<p><strong><span style=\"font-family: 'Big Shoulders Text'; font-size: 18pt;\">Hobbies<\/span><\/strong><\/p>\n<table style=\"border-collapse: collapse; width: 100%;\">\n<tbody>\n<tr style=\"height: 26px;\">\n<td style=\"width: 40.6627%; height: 26px; text-align: left;\"><strong>Deniri<\/strong><\/td>\n<td style=\"width: 50%; height: 26px; text-align: left;\"><strong>Risto<\/strong><\/td>\n<\/tr>\n<tr>\n<td style=\"width: 40.6627%;\">Lesen<\/td>\n<td style=\"width: 50%;\">Lesen<\/td>\n<\/tr>\n<tr>\n<td style=\"width: 40.6627%;\">Tai-Chi<\/td>\n<td style=\"width: 50%;\">Tai-Chi<\/td>\n<\/tr>\n<tr>\n<td style=\"width: 40.6627%;\">Museumsbesuch (insbesondere Kunstmuseen)<\/td>\n<td style=\"width: 50%;\">Holoromane (vor allem Action und Krimis)<\/td>\n<\/tr>\n<\/tbody>\n<\/table>\n","protected":false},"excerpt":{"rendered":"<p>Deniri &amp; Risto Adei Die Adei-Zwillinge Status NPC Spieler Sven &amp; Fynn Dienstliche Informationen Rang Zivilisten Status aktiv Posten Au-Pairs (Shay jr. Roos &amp; Anders Lysgaard) Stationierung U.S.S. Artemis Biographische Informationen Geboren 2398 Familienstand Deniri: ledig Risto: ledig Vater Alato Adei Mutter Karawenna Adei Physische Beschreibung Spezies Betazoid Geschlecht Deniri: weiblich Risto: m\u00e4nnlich Gr\u00f6\u00dfe Deniri:&#8230;<\/p>\n<p class=\"more-link-wrap\"><a href=\"https:\/\/sf-germany.org\/einheiten\/uss-artemis\/adei-zwillinge\/\" class=\"more-link\">Read More<span class=\"screen-reader-text\"> &ldquo;Adei Zwillinge&rdquo;<\/span> &raquo;<\/a><\/p>\n","protected":false},"author":3,"featured_media":0,"parent":0,"menu_order":0,"comment_status":"closed","ping_status":"closed","template":"","meta":{"footnotes":""},"class_list":["post-5035","page","type-page","status-publish","hentry"],"_links":{"self":[{"href":"https:\/\/sf-germany.org\/einheiten\/uss-artemis\/wp-json\/wp\/v2\/pages\/5035","targetHints":{"allow":["GET"]}}],"collection":[{"href":"https:\/\/sf-germany.org\/einheiten\/uss-artemis\/wp-json\/wp\/v2\/pages"}],"about":[{"href":"https:\/\/sf-germany.org\/einheiten\/uss-artemis\/wp-json\/wp\/v2\/types\/page"}],"author":[{"embeddable":true,"href":"https:\/\/sf-germany.org\/einheiten\/uss-artemis\/wp-json\/wp\/v2\/users\/3"}],"replies":[{"embeddable":true,"href":"https:\/\/sf-germany.org\/einheiten\/uss-artemis\/wp-json\/wp\/v2\/comments?post=5035"}],"version-history":[{"count":11,"href":"https:\/\/sf-germany.org\/einheiten\/uss-artemis\/wp-json\/wp\/v2\/pages\/5035\/revisions"}],"predecessor-version":[{"id":5049,"href":"https:\/\/sf-germany.org\/einheiten\/uss-artemis\/wp-json\/wp\/v2\/pages\/5035\/revisions\/5049"}],"wp:attachment":[{"href":"https:\/\/sf-germany.org\/einheiten\/uss-artemis\/wp-json\/wp\/v2\/media?parent=5035"}],"curies":[{"name":"wp","href":"https:\/\/api.w.org\/{rel}","templated":true}]}}