{"id":4903,"date":"2023-01-16T01:52:31","date_gmt":"2023-01-16T00:52:31","guid":{"rendered":"http:\/\/sf-germany.org\/einheiten\/uss-artemis\/?page_id=4903"},"modified":"2023-01-16T01:54:57","modified_gmt":"2023-01-16T00:54:57","slug":"liralo","status":"publish","type":"page","link":"https:\/\/sf-germany.org\/einheiten\/uss-artemis\/liralo\/","title":{"rendered":"Liralo"},"content":{"rendered":"<table style=\"background: none; border: 0px solid #ffffff; font-weight: bold;\" border=\"0\" width=\"95%\" cellspacing=\"5\" cellpadding=\"5\" align=\"center\">\n<tbody>\n<tr>\n<td style=\"background: none; border-radius: 1em; border: 0px solid #003366; box-shadow: 0.1em 0.1em 0.5em rgba(0,0,0,0.75); -webkit-border-radius: 1em; -moz-border-radius: 1em; -moz-box-shadow: 0.1em 0.1em 0.5em rgba(0, 0, 0, 0.75); -webkit-box-shadow: 0.1em 0.1em 0.5em rgba(0, 0, 0, 0.75);\" colspan=\"5\" rowspan=\"3\" align=\"center\" valign=\"middle\">\n<h2>Liralo \u201eBig\u201c<\/h2>\n<\/td>\n<\/tr>\n<\/tbody>\n<\/table>\n<div style=\"float: left; margin-right: 15px; margin-bottom: 15px; font-size: 11px; width: 300px; padding-left: 10px; padding-right: 10px;\">\n<table style=\"background: none; border-radius: 1em; border: 0px solid #003366; margin-bottom: 15px; margin-right: 15px; float: left; box-shadow: 0.1em 0.1em 0.5em rgba(0,0,0,0.75); -webkit-border-radius: 1em; -moz-border-radius: 1em; -moz-box-shadow: 0.1em 0.1em 0.5em rgba(0, 0, 0, 0.75); -webkit-box-shadow: 0.1em 0.1em 0.5em rgba(0, 0, 0, 0.75);\" border=\"1\" width=\"250\" cellspacing=\"10\" align=\"left\">\n<tbody>\n<tr>\n<td style=\"border: 0px solid transparent; font-weight: bold;\" colspan=\"2\" align=\"center\" width=\"250\"><img loading=\"lazy\" decoding=\"async\" class=\"alignnone \" src=\"https:\/\/sf-germany.org\/einheiten\/uss-artemis\/wp-content\/uploads\/2022\/09\/Nopic-1.png\" width=\"176\" height=\"264\" \/><\/td>\n<\/tr>\n<tr>\n<td style=\"border: 0px solid transparent; font-weight: bold;\" colspan=\"2\" align=\"center\" width=\"250\">Liralo<\/td>\n<\/tr>\n<tr>\n<td style=\"border: 0px solid transparent; font-weight: bold;\" align=\"right\" width=\"111\">Status<\/td>\n<td style=\"border: 0px solid transparent;\" align=\"left\" width=\"129\">NPC<\/td>\n<\/tr>\n<tr>\n<td style=\"border: 0px solid transparent; font-weight: bold;\" align=\"right\" width=\"111\">Spieler<\/td>\n<td style=\"border: 0px solid transparent;\" align=\"left\" width=\"129\">Sunny<\/td>\n<\/tr>\n<tr>\n<td style=\"background: #555555; border-radius: 1em; border: 0px solid #003366; font-weight: bold; box-shadow: 0.1em 0.1em 0.5em rgba(0,0,0,0.75); -webkit-border-radius: 1em; -webkit-box-shadow: 0.1em 0.1em 0.5em rgba(0, 0, 0, 0.75);\" colspan=\"2\" align=\"center\" width=\"240\">Dienstliche Informationen<\/td>\n<\/tr>\n<tr>\n<td style=\"border: 0px solid transparent; font-weight: bold; vertical-align: middle;\" align=\"right\" width=\"111\">Ranggrafik<\/td>\n<td style=\"border: 0px solid transparent;\" align=\"left\" width=\"129\"><img loading=\"lazy\" decoding=\"async\" class=\"alignnone size-medium\" src=\"https:\/\/sf-germany.org\/einheiten\/uss-artemis\/wp-content\/uploads\/2022\/09\/y-o1-1.png\" width=\"128\" height=\"32\" \/><\/td>\n<\/tr>\n<tr>\n<td style=\"border: 0px solid transparent; font-weight: bold;\" align=\"right\" width=\"111\">Rang<\/td>\n<td style=\"border: 0px solid transparent;\" align=\"left\" width=\"129\">Ensign<\/td>\n<\/tr>\n<tr>\n<td style=\"border: 0px solid transparent; font-weight: bold;\" align=\"right\" width=\"111\">Posten<\/td>\n<td style=\"border: 0px solid transparent;\" align=\"left\" width=\"129\">Kommunikationsabteilung<\/td>\n<\/tr>\n<tr>\n<td style=\"border: 0px solid transparent; font-weight: bold;\" align=\"right\" width=\"111\">Stationierung<\/td>\n<td style=\"border: 0px solid transparent;\" align=\"left\" width=\"129\">USS Artemis<\/td>\n<\/tr>\n<tr>\n<td style=\"background: #555555; border-radius: 1em; border: 0px solid #003366; font-weight: bold; box-shadow: 0.1em 0.1em 0.5em rgba(0,0,0,0.75); -webkit-border-radius: 1em; -webkit-box-shadow: 0.1em 0.1em 0.5em rgba(0, 0, 0, 0.75);\" colspan=\"2\" align=\"center\" width=\"250\">Biographische Informationen<\/td>\n<\/tr>\n<tr>\n<td style=\"border: 0px solid transparent; font-weight: bold;\" align=\"right\" width=\"111\">Geburtstag<\/td>\n<td style=\"border: 0px solid transparent;\" align=\"left\" width=\"129\">01.01.2384<\/td>\n<\/tr>\n<tr>\n<td style=\"border: 0px solid transparent; font-weight: bold;\" align=\"right\" width=\"111\">Geburtsort<\/td>\n<td style=\"border: 0px solid transparent;\" align=\"left\" width=\"129\">Frachtschiff<\/td>\n<\/tr>\n<tr>\n<td style=\"border: 0px solid transparent; font-weight: bold;\" align=\"right\" width=\"111\">Vater<\/td>\n<td style=\"border: 0px solid transparent;\" align=\"left\" width=\"129\">Unbekannt<\/td>\n<\/tr>\n<tr>\n<td style=\"border: 0px solid transparent; font-weight: bold;\" align=\"right\" width=\"111\">Mutter<\/td>\n<td style=\"border: 0px solid transparent;\" align=\"left\" width=\"129\">Valeria<\/td>\n<\/tr>\n<tr>\n<td style=\"background: #555555; border-radius: 1em; border: 0px solid #003366; font-weight: bold; box-shadow: 0.1em 0.1em 0.5em rgba(0,0,0,0.75); -webkit-border-radius: 1em; -webkit-box-shadow: 0.1em 0.1em 0.5em rgba(0, 0, 0, 0.75);\" colspan=\"2\" align=\"center\" width=\"250\">Physische Beschreibung<\/td>\n<\/tr>\n<tr>\n<td style=\"border: 0px solid transparent; font-weight: bold;\" align=\"right\" width=\"111\">Spezies<\/td>\n<td style=\"border: 0px solid transparent;\" align=\"left\" width=\"129\">Betazoid<\/td>\n<\/tr>\n<tr>\n<td style=\"border: 0px solid transparent; font-weight: bold;\" align=\"right\" width=\"111\">Geschlecht<\/td>\n<td style=\"border: 0px solid transparent;\" align=\"left\" width=\"129\">m\u00e4nnlich<\/td>\n<\/tr>\n<tr>\n<td style=\"border: 0px solid transparent; font-weight: bold;\" align=\"right\" width=\"111\">Gr\u00f6\u00dfe<\/td>\n<td style=\"border: 0px solid transparent;\" align=\"left\" width=\"129\">186 cm<\/td>\n<\/tr>\n<tr>\n<td style=\"border: 0px solid transparent; font-weight: bold;\" align=\"right\" width=\"111\">Gewicht<\/td>\n<td style=\"border: 0px solid transparent;\" align=\"left\" width=\"129\">85 kg<\/td>\n<\/tr>\n<tr>\n<td style=\"border: 0px solid transparent; font-weight: bold;\" align=\"right\" width=\"111\">Haarfarbe<\/td>\n<td style=\"border: 0px solid transparent;\" align=\"left\" width=\"129\">braun<\/td>\n<\/tr>\n<tr>\n<td style=\"border: 0px solid transparent; font-weight: bold;\" align=\"right\" width=\"111\">Augenfarbe<\/td>\n<td style=\"border: 0px solid transparent;\" align=\"left\" width=\"129\">Schwarz\/ Gr\u00fcn<\/td>\n<\/tr>\n<tr>\n<td style=\"border: 0px solid transparent; font-weight: bold;\" align=\"right\" width=\"111\">Aussehen<\/td>\n<td style=\"border: 0px solid transparent;\" align=\"left\" width=\"129\">muskul\u00f6s<\/td>\n<\/tr>\n<tr>\n<td style=\"background: #555555; border-radius: 1em; border: 0px solid #003366; font-weight: bold; box-shadow: 0.1em 0.1em 0.5em rgba(0,0,0,0.75); -webkit-border-radius: 1em; -webkit-box-shadow: 0.1em 0.1em 0.5em rgba(0, 0, 0, 0.75);\" colspan=\"2\" align=\"center\" width=\"250\">Politische Informationen<\/td>\n<\/tr>\n<tr>\n<td style=\"border: 0px solid transparent; font-weight: bold;\" align=\"right\" width=\"111\">B\u00fcrgerschaft<\/td>\n<td style=\"border: 0px solid transparent;\" align=\"left\" width=\"129\">UFP<\/td>\n<\/tr>\n<tr>\n<td style=\"border: 0px solid transparent; font-weight: bold;\" align=\"right\" width=\"111\">\u00a0Religion<\/td>\n<td style=\"border: 0px solid transparent;\" align=\"left\" width=\"129\">&#8211;<\/td>\n<\/tr>\n<\/tbody>\n<\/table>\n<\/div>\n<h4>Ausbildung<\/h4>\n<p>Seine zivile Ausbildung absolvierte Liralo digital auf einem Frachter, da er dort eh das einzige Kind war. Neben der schulischen Ausbildung half er gern in der Technik aus. Er lernte schnell technische Anlagen mit fast nichts zum Laufen zu bekommen.<\/p>\n<h4>Reisen durch den Quadranten:<\/h4>\n<p>Mit fast 17 beschloss er das es an der Zeit war mehr vom Universum zu sehen als den alten Frachter. Dieser Wunsch keimte schon lange in dem Heranwachsenden, nach einem erneuten Streit mit der Mutter verschwand er eines Tages ohne ein Wort.<br \/>\nSchon vorher unterhielt der Frachter auf dem aufwuchs Kontakte zu diversen nicht ganz legalen M\u00e4rkten und H\u00e4ndlern, f\u00fcr den \u00dcbergang verdiente er dort seinen Lebensunterhalt und kn\u00fcpfte Kontakte.<\/p>\n<hr \/>\n<h4>Sternenflottenakademie<\/h4>\n<ul>\n<li>Grundausbildung Unteroffizier<\/li>\n<li>Nahkampf<\/li>\n<li>Spezialisierung auf COMM &#8211; Feldtechnik<\/li>\n<li>Technische Grundlagen Kommunikationsger\u00e4te<\/li>\n<li>Verschl\u00fcsselungen<\/li>\n<li>Nach einer Verletzung um Dienst strebt er die Offizierslaufbahn an<\/li>\n<\/ul>\n<h2>Tabellarischer Lebenslauf<\/h2>\n<ul>\n<li>01.01.2384 (Geburt) Geburt auf einem zivilen Frachter<\/li>\n<li>2890 Start der Schulischen Ausbildung<\/li>\n<li>2400 Verl\u00e4sst den Frachter und die Familie<\/li>\n<li>2400 bis 2402 Schl\u00e4gt sich allein durch in zwielichtigen Kreisen<\/li>\n<li>2402 Beginnt an der Sternenflottenakademie eine Ausbildung zum Unteroffizier<\/li>\n<li>2404 Abschluss der Sternenflottenakademie<\/li>\n<li>2404 Versetzung zu einer Eingreifgruppe (Marines) als Spezialist f\u00fcr Kommunikation<\/li>\n<li>2409 Wird im Dienst schwer verletzt<\/li>\n<li>2409 Fortbildung zum Offizier<\/li>\n<li>2412 Abschluss der Ausbildung<\/li>\n<li>2412 bis 2416 5 Schiffe in 4 Jahren<\/li>\n<li>2416 USS Artemis<\/li>\n<\/ul>\n<hr \/>\n<h2>Psychologisches Profil<\/h2>\n<p>Liralo war noch nie eine einfache Person, er war zeit seines Lebens mehr oder Weniger auf sich gestellt.<br \/>\nEine wirkliche famili\u00e4re Bindung hatte er erst an der Sternenflottenakademie und sp\u00e4ter mit seiner Einheit. In dieser Zeit machte er sich gut, er war nie der vorbildliche \u201eOffizier\u201c, er hatte immer einen schlechten Scherz auf den Lippen und konnte im Einsatz immer Dinge besorgen, die sehr wahrscheinlich ihren Ursprung auf dem Schwarzmarkt hatten, dennoch war er loyal zu seinem Team.<\/p>\n<p>Nach seiner fast t\u00f6dlichen Verletzung und dem Tod seines Teams, war es nicht nur sein K\u00f6rper der wieder heilen musste.<br \/>\nHeute ist er oft m\u00fcrrisch, spricht fast gar nicht oder nur um Leute zu \u00e4rgern, woraus er sich einen Spa\u00df macht. Er genie\u00dft es Leute auf die Palme zu bringen, was ihm allerdings auch einige Versetzungen in den letzten Jahren eingebracht hat.<br \/>\nEr hat mitunter das Gef\u00fchl als w\u00fcrde die Sternenflotte ihm etwas schulden f\u00fcr das Opfer das er gebracht hat, f\u00fcr den Tod seiner Freunde.<\/p>\n<p>Im Grunde ist er der Mann f\u00fcrs Grobe er hatte nie ein Problem damit mit wenig auszukommen, im Dreck Kommunikationsger\u00e4te zum Laufen zu bringen, wenn die Umgebungsbedingungen nicht optimal sind. Er bei\u00dft sich durch bis die Aufgabe erf\u00fcllt ist.<br \/>\nAuch hat er weniger Probleme damit wenn er den Befehl bekommt nicht nur Leute vor anderen Telepathen abzuschirmen, sondern selbst Dinge auf die eine oder andere Weise herauszufinden, was nat\u00fcrlich offiziell noch nie vorkam.<br \/>\nDen Spitznamen Big hat er auch nicht nur wegen seiner K\u00f6rpergr\u00f6\u00dfe sondern auch wegen seines recht gro\u00dfen Selbstbewusstseins.<br \/>\nSeit seinem Unfall hat er ein gro\u00dfes Problem mit Feuer.<\/p>\n<hr \/>\n<h4>Hobbies<\/h4>\n<ul>\n<li>Sport<\/li>\n<li>Alte Filme der Erde (Kinobesuche auf dem Holodeck)<\/li>\n<\/ul>\n<hr \/>\n<h2>St\u00e4rken &amp; Schw\u00e4chen<\/h2>\n<p><b>St\u00e4rken<\/b><\/p>\n<ul>\n<li>Intelligent<\/li>\n<li>Leidenschaftlich<\/li>\n<li>Loyal, wenn er es f\u00fcr angemessen h\u00e4lt<\/li>\n<\/ul>\n<p><b>Schw\u00e4chen<\/b><\/p>\n<ul>\n<li>F\u00fchlt sich schnell ungerecht behandelt<\/li>\n<li>Pocht auf sein Recht<\/li>\n<li>Hat Spa\u00df daran andere Leute zu \u00e4rgern<\/li>\n<li>Nimmt nur selten R\u00fccksicht auf die Privatsph\u00e4re Anderer<\/li>\n<\/ul>\n<hr \/>\n<h2>Vorlieben &amp; Abneigungen<\/h2>\n<p><b>Vorlieben<\/b><\/p>\n<ul>\n<li>Musik &#8211; Hardrock<\/li>\n<li>Alkohol<\/li>\n<li>Action<\/li>\n<li>Gutes Essen<\/li>\n<li>Sport<\/li>\n<li>Kommunikation<\/li>\n<\/ul>\n<p><b>Abneigungen<\/b><\/p>\n<ul>\n<li>Rosa<\/li>\n<li>Flauschige Dinge<\/li>\n<li>Naivit\u00e4t<\/li>\n<li>Feuer<\/li>\n<li>Tee<\/li>\n<li>Aberglauben<\/li>\n<\/ul>\n<hr \/>\n<h2>Medizinisches Profil<\/h2>\n<p>Bei einem Einsatz trug er starke Verbrennungen und Kopfverletzungen davon, weswegen eines seiner Augen nun nicht mehr dem typischen Aussehen seiner Spezies entspricht und auch in der Farbe abweicht.<\/p>\n<p>Er besitzt ein Auge mit der betasiodischen gro\u00dfen Iris, welches schwarz wirkt und ein Auge welches eher an die Farbe eines Menschen erinnert und gr\u00fcnlich schimmert. Nach einer l\u00e4ngeren Rehabilitierungsphase wurde er als physisch und psychisch gesund wieder in den Dienst gestellt.<\/p>\n<hr \/>\n<h2>Haustier<\/h2>\n<p>Fleischressendepflanze<br \/>\nHerkunft nicht ganz klar.<br \/>\nEr wurde gen\u00f6tigt sich um einen Ableger zu k\u00fcmmern, den er von Via bekommen hat.<\/p>\n<hr \/>\n<h2>Klassifzierte Sektion<\/h2>\n<p>&#8211;<\/p>\n","protected":false},"excerpt":{"rendered":"<p>Liralo \u201eBig\u201c Liralo Status NPC Spieler Sunny Dienstliche Informationen Ranggrafik Rang Ensign Posten Kommunikationsabteilung Stationierung USS Artemis Biographische Informationen Geburtstag 01.01.2384 Geburtsort Frachtschiff Vater Unbekannt Mutter Valeria Physische Beschreibung Spezies Betazoid Geschlecht m\u00e4nnlich Gr\u00f6\u00dfe 186 cm Gewicht 85 kg Haarfarbe braun Augenfarbe Schwarz\/ Gr\u00fcn Aussehen muskul\u00f6s Politische Informationen B\u00fcrgerschaft UFP \u00a0Religion &#8211; Ausbildung Seine zivile&#8230;<\/p>\n<p class=\"more-link-wrap\"><a href=\"https:\/\/sf-germany.org\/einheiten\/uss-artemis\/liralo\/\" class=\"more-link\">Read More<span class=\"screen-reader-text\"> &ldquo;Liralo&rdquo;<\/span> &raquo;<\/a><\/p>\n","protected":false},"author":2,"featured_media":0,"parent":0,"menu_order":0,"comment_status":"closed","ping_status":"closed","template":"","meta":{"footnotes":""},"class_list":["post-4903","page","type-page","status-publish","hentry"],"_links":{"self":[{"href":"https:\/\/sf-germany.org\/einheiten\/uss-artemis\/wp-json\/wp\/v2\/pages\/4903","targetHints":{"allow":["GET"]}}],"collection":[{"href":"https:\/\/sf-germany.org\/einheiten\/uss-artemis\/wp-json\/wp\/v2\/pages"}],"about":[{"href":"https:\/\/sf-germany.org\/einheiten\/uss-artemis\/wp-json\/wp\/v2\/types\/page"}],"author":[{"embeddable":true,"href":"https:\/\/sf-germany.org\/einheiten\/uss-artemis\/wp-json\/wp\/v2\/users\/2"}],"replies":[{"embeddable":true,"href":"https:\/\/sf-germany.org\/einheiten\/uss-artemis\/wp-json\/wp\/v2\/comments?post=4903"}],"version-history":[{"count":5,"href":"https:\/\/sf-germany.org\/einheiten\/uss-artemis\/wp-json\/wp\/v2\/pages\/4903\/revisions"}],"predecessor-version":[{"id":4908,"href":"https:\/\/sf-germany.org\/einheiten\/uss-artemis\/wp-json\/wp\/v2\/pages\/4903\/revisions\/4908"}],"wp:attachment":[{"href":"https:\/\/sf-germany.org\/einheiten\/uss-artemis\/wp-json\/wp\/v2\/media?parent=4903"}],"curies":[{"name":"wp","href":"https:\/\/api.w.org\/{rel}","templated":true}]}}