{"id":2746,"date":"2021-12-05T20:39:37","date_gmt":"2021-12-05T19:39:37","guid":{"rendered":"http:\/\/www.sf-germany.org\/einheiten\/uss-odyssey\/?page_id=2746"},"modified":"2022-10-11T20:54:25","modified_gmt":"2022-10-11T18:54:25","slug":"missionsvorschlaege","status":"publish","type":"page","link":"https:\/\/sf-germany.org\/einheiten\/uss-artemis\/logbuch\/missionsvorschlaege\/","title":{"rendered":"Missionsvorschl\u00e4ge"},"content":{"rendered":"<p><a href=\"https:\/\/sf-germany.org\/einheiten\/uss-artemis\/wp-content\/uploads\/2022\/09\/Logo_prefinal.png\" rel=\"lightbox-0\"><img loading=\"lazy\" decoding=\"async\" class=\"aligncenter size-full wp-image-3724\" src=\"https:\/\/sf-germany.org\/einheiten\/uss-artemis\/wp-content\/uploads\/2022\/09\/Logo_prefinal.png\" alt=\"\" width=\"250\" height=\"229\" \/><\/a><\/p>\n<h2 style=\"text-align: center;\">Missionsvorschl\u00e4ge<\/h2>\n<hr \/>\n<p>&nbsp;<\/p>\n<p>Diese Seite sammelt Missionsvorschl\u00e4ge, \u00fcber die dann zu gegebener Zeit abgestimmt werden kann. Zu jedem Vorschlag sollten folgende Informationen vorliegen:<\/p>\n<ul>\n<li>Ein (griffiger) Missionstitel<\/li>\n<li>Wer reicht die Mission ein?<\/li>\n<li>Worum geht es? Hier sollte eine Kurzbeschreibung geschrieben werden.Ein Vorschlag kann, muss aber nicht, weiter ausgearbeitet werden. Es ist vollkommen in Ordnung, nur eine kurze Idee einzuwerfen, die dann gemeinsam (durch alle Spieler) ausgestaltet werden kann. Niemand ist verpflichtet, seinen Vorschlag weiter zu \u201ebetreuen\u201c.<\/li>\n<\/ul>\n<p>Sobald die Mannschaft \u00fcber die neue Mission abgestimmt hat, skizzieren die SLs\u00a0 die Mission genauer, um ihr eine gewisse Dramaturgie zu verpassen, da zB. nicht jede Mission alle Charaktere gleicherma\u00dfen fordert. Wir bitten dies zu ber\u00fccksichtigen beim einreichen!<\/p>\n<hr \/>\n<h3 style=\"text-align: center;\">Missionsvorschl\u00e4ge mit ZLM Bezug (Klingonenkrieg)<\/h3>\n<table style=\"width: 100%; height: 160px;\" border=\"0\" cellspacing=\"1\" cellpadding=\"1\" align=\"center\">\n<tbody>\n<tr style=\"height: 24px;\">\n<td style=\"background-color: #2e3545; height: 24px; width: 116.794%; text-align: right;\" colspan=\"3\" width=\"114\"><strong><span style=\"color: #ffffff;\">Das geheime Wurmloch<\/span><\/strong><\/td>\n<\/tr>\n<tr style=\"height: 24px;\">\n<td style=\"height: 10px; width: 14.3991%; text-align: right; background-color: #2e3545;\" width=\"114\"><\/td>\n<td style=\"height: 10px; width: 37.1883%; text-align: left;\" width=\"378\"><em>Titel: Das geheime Wurmloch<\/em><br \/>\n<em>ID: A-MV-007<\/em><br \/>\n<em>Autor: Mannix<\/em><br \/>\n<em>Kategorien: Action, Krieg, Horror<\/em><br \/>\n<em>Inspirationen:<\/em><br \/>\n<em>Links:<\/em><\/td>\n<td style=\"vertical-align: top; height: 10px; width: 65.2069%;\" width=\"419\">Auf der USB Seven Seasons im Darsecsektor wird Milit\u00e4rforschung betrieben und sie wird ausschlie\u00dflich von Sternenflottenpersonal und Marines betrieben. Die Station reagiert nun seit 5 Tagen nicht mehr auf den Standardkontaktruf der Sternenflotte. Gleichzeitig wurde \u00fcber Spione der Sternflotte im klingonischen Reich bekannt, dass f\u00fcr die Klingonen die Station ein top target ist und die Klingonen versuchen, ein k\u00fcnstliches Wurmloch zum Darsecsektor zu erschaffen. Es stellt sich die Frage, ob die Klingonen nun ein k\u00fcnstliches Wurmloch erschaffen konnten und die Station zerst\u00f6rt haben, oder warum die Station nicht mehr sendet.<\/td>\n<\/tr>\n<tr style=\"height: 24px;\">\n<td style=\"height: 24px; width: 116.794%; text-align: right; background-color: #2e3545;\" colspan=\"3\" width=\"114\"><strong><span style=\"color: #ffffff;\">Der Tausch<\/span><\/strong><\/td>\n<\/tr>\n<tr style=\"height: 24px;\">\n<td style=\"background-color: #2e3545; height: 10px; width: 14.3991%; text-align: right;\" width=\"114\"><\/td>\n<td style=\"height: 10px; width: 37.1883%; text-align: left;\" width=\"378\"><em>Titel: Der Tausch<\/em><br \/>\n<em>ID: A-MV-008<\/em><br \/>\n<em>Autor: Mo<\/em><br \/>\n<em>Kategorien: Spannung, Action, Drama<\/em><br \/>\n<em>Inspirationen:<\/em><br \/>\n<em>Links:<\/em><\/td>\n<td style=\"vertical-align: top; height: 10px; width: 65.2069%;\" width=\"419\">Die Artemis wird tief ins Feindesland geschickt. Unter st\u00e4ndiger Begleitung eines F\u00f6derationskonvois und einer klingonischen Armada soll es nahe xxxy an Bord der Artemis zum Austausch von Gefangen genommenen Agenten kommen. Den sowohl die F\u00f6deration als auch das klingonische Empire haben w\u00e4hrend des Krieges feindliche Agenten enttarnt und gefangen genommen. Jeder will seine Leute wieder, also wurde ein Tausch vereinbart. Aber geht dieser Tausch wirklich mit rechten Dingen zu? Dabei ahnt Toussaint nicht, wen er da gerade dabei ist auszuliefern&#8230;.<\/td>\n<\/tr>\n<tr style=\"height: 24px;\">\n<td style=\"background-color: #2e3545; height: 24px; width: 116.794%; text-align: right;\" colspan=\"3\" width=\"114\"><strong><span style=\"color: #ffffff;\">Terra Prime &#8211; Omega<\/span><\/strong><\/td>\n<\/tr>\n<tr style=\"height: 24px;\">\n<td style=\"height: 10px; width: 14.3991%; text-align: right; background-color: #2e3545;\" width=\"114\"><\/td>\n<td style=\"height: 10px; width: 37.1883%; text-align: left;\" width=\"378\"><em>Titel: Terra Prime &#8211; Omega<\/em><br \/>\n<em>ID: A-MV-009<\/em><br \/>\n<em>Autor: Fynn<\/em><br \/>\n<em>Kategorien: Politisch, Drama, Abenteuer, Welt(raum)untergang,<\/em><br \/>\n<em>Inspirationen: ENT: Terra Prime, VOY: Omega<\/em><br \/>\n<em>Links:<br \/>\n<a class=\"anchor-1MIwyf anchorUnderlineOnHover-2qPutX broken_link\" tabindex=\"\" title=\"https:\/\/memory-alpha.fandom.com\/de\/wiki\/Boronit\" role=\"button\" href=\"https:\/\/memory-alpha.fandom.com\/de\/wiki\/Boronit\" target=\"_blank\" rel=\"noreferrer noopener\">https:\/\/memory-alpha.fandom.com\/de\/wiki\/Boronit<\/a><br \/>\n<\/em><a class=\"anchor-1MIwyf anchorUnderlineOnHover-2qPutX broken_link\" tabindex=\"\" title=\"https:\/\/memory-alpha.fandom.com\/de\/wiki\/Terra_Prime_(Episode)\" role=\"button\" href=\"https:\/\/memory-alpha.fandom.com\/de\/wiki\/Terra_Prime_(Episode)\" target=\"_blank\" rel=\"noreferrer noopener\">https:\/\/memory-alpha.fandom.com\/de\/wiki\/Terra_Prime_(Episode)<\/a><a class=\"anchor-1MIwyf anchorUnderlineOnHover-2qPutX broken_link\" tabindex=\"\" title=\"https:\/\/memory-alpha.fandom.com\/de\/wiki\/Omega-Molek%C3%BCl\" role=\"button\" href=\"https:\/\/memory-alpha.fandom.com\/de\/wiki\/Omega-Molek%C3%BCl\" target=\"_blank\" rel=\"noreferrer noopener\">https:\/\/memory-alpha.fandom.com\/de\/wiki\/Omega-Molek%C3%BCl<\/a><\/td>\n<td style=\"vertical-align: top; height: 10px; width: 65.2069%;\" width=\"419\">Nachdem die Crew der Odyssey im Sektor 001 die diplomatische, altersschwache Akira gegen eine state-of-the-art Luna Klasse ausgetauscht hat, begibt sie sich auf ihre erste Mission: \u201eLiefern Sie Material und zus\u00e4tzliche Besatzung zu Ihrem k\u00fcnftigen Hafen; home-away-from-home.\u201c Wochen sp\u00e4ter auf der Station angekommen werden Crew und Material \u00fcbergeben und Captain Toussaint erh\u00e4lt vom Kommandanten der Station einen Folgeauftrag: Drei Sektoren entfernt wurde ein Nova-Klasse Schiff der Sternenflotte zerst\u00f6rt. Das Schiff und seine Crew waren dabei einen Planeten zu erforschen, auf dem Boronit-Erz in nat\u00fcrlicher Umgebung gibt. Ein Material, dass die Borg und eine unbenannte Spezies im Delta Quadranten einst verwendet haben um ein Omega-Molek\u00fcl zu erschaffen. Der Auftrag an die jungfr\u00e4uliche U.S.S. Artemis: Finden Sie heraus, wer das Schiff zerst\u00f6rt hat, sichern oder zerst\u00f6ren Sie das dem Planeten entnommene Boronit-Erz und f\u00fchren Sie die Schuldigen ihrer gerechten Strafe zu. (M\u00f6glicher Hint: Aufgrund des Konflikts mit den Klingonen, so kurz nach einem Konflikt mit den Romulanern, ist der Funke einer radikalen, menschenzentristischen Gruppierung Namens \u201eTerra Prime\u201c \u00a0zu neuem Leben erwacht.) (Bedrohung: Sollte ein (oder mehrere) Omega-Molek\u00fcle synthetisiert worden sein, besteht die reale Gefahr, dass das Reisen mit Warp-Geschwindigkeit f\u00fcr immer unm\u00f6glich wird &#8211; abh\u00e4ngig davon, wo es kollabiert \u00a0-&gt; Dies w\u00fcrde dem Hauptziel von &#8220;Terra Prime&#8221; entsprechen: sollte der Subraum im Sektor 001 und drum herum zerst\u00f6rt werden, w\u00e4re das das Ende der Sternenflotte und F\u00f6deration)<\/td>\n<\/tr>\n<tr style=\"height: 24px;\">\n<td style=\"background-color: #2e3545; height: 24px; width: 116.794%; text-align: right;\" colspan=\"3\" width=\"114\"><\/td>\n<\/tr>\n<\/tbody>\n<\/table>\n<h3><\/h3>\n<h3 style=\"text-align: center;\"><\/h3>\n<h3 style=\"text-align: center;\">Missionsvorschl\u00e4ge alle Genres<\/h3>\n<p>&nbsp;<\/p>\n<table style=\"width: 100%; height: 194px;\" border=\"0\" cellspacing=\"1\" cellpadding=\"1\" align=\"center\">\n<tbody>\n<tr style=\"height: 24px;\">\n<td style=\"background-color: #2e3545; height: 24px; width: 116.794%; text-align: right;\" colspan=\"3\" width=\"114\"><span style=\"color: #ffffff;\"><strong>Ungebremst<\/strong><\/span><\/td>\n<\/tr>\n<tr style=\"height: 24px;\">\n<td style=\"height: 10px; width: 14.3991%; text-align: right; background-color: #2e3545;\" width=\"114\"><\/td>\n<td style=\"height: 10px; width: 37.1883%; text-align: left;\" width=\"378\"><em>Titel: Ungebremst<\/em><br \/>\n<em>ID: A-MV-001<\/em><br \/>\n<em>Autor: Mo<\/em><br \/>\n<em>Kategorien: Roadmovie, Thriller, Action<\/em><br \/>\n<em>Inspirationen:<\/em><br \/>\n<em>Links:<\/em><\/td>\n<td style=\"vertical-align: top; height: 10px; width: 65.2069%;\" width=\"419\">Die Artemis macht sich auf den Weg zu einem reinen Routine Auftrag. Das Schiff geht auf Warp, als pl\u00f6tzlich sonderbare Anomalien auftreten. Bei einem technischen Test stellt der leitende Ingenieur best\u00fcrzt fest, dass die Artemis nicht bremsen kann! Ungebremst jagt das Schiff samt Mannschaft durchs All! Fast so als w\u00e4re das Gaspedal verklemmt. Was steckt dahinter? Wird das Schiff von einem unsichtbaren &#8220;Magneten&#8221; angezogen? Aber von was?<\/td>\n<\/tr>\n<tr style=\"height: 24px;\">\n<td style=\"height: 24px; width: 116.794%; text-align: right; background-color: #2e3545;\" colspan=\"3\" width=\"114\"><span style=\"color: #ffffff;\"><strong>Die Kolonie<\/strong><\/span><\/td>\n<\/tr>\n<tr style=\"height: 24px;\">\n<td style=\"height: 10px; width: 14.3991%; text-align: right; background-color: #2e3545;\" width=\"114\"><\/td>\n<td style=\"height: 10px; width: 37.1883%; text-align: left;\" width=\"378\"><em>Titel: Die Kolonie<\/em><br \/>\n<em>ID: A-MV-002<\/em><br \/>\n<em>Autor: Mo<\/em><br \/>\n<em>Kategorien: Suspense, Thriller, Dark<\/em><br \/>\n<em>Inspirationen:<\/em><br \/>\n<em>Links:<\/em><\/td>\n<td style=\"vertical-align: top; height: 10px; width: 65.2069%;\" width=\"419\">Der Kommunikationsoffizier der Artemis f\u00e4ngt eines Tages eine mysteri\u00f6se Nachricht ein. Sie enth\u00e4lt die Kennzeichnung eines Borgkollektivs, verh\u00e4lt sich aber anders. Wo kommt die Nachricht her? Toussaint und sein Team wollen dieser Frage schnell auf den Grund gehen, denn immerhin handelt es sich um eine Nachricht der Borg! Leider l\u00e4uft ihre F\u00e4hrte ins Nirgendwo, als das Schiff pl\u00f6tzlich mitgerissen wird! Was passiert? Ohne Vorwarnung ger\u00e4t die USS Artemis in einen nicht kartographierten Tykenspalt! Kommt das Signal von hier? Warum ist der Spalt nicht auf ihren Karten zu finden? Kann sich das Team aus dem Spalt befreien?<\/td>\n<\/tr>\n<tr style=\"height: 24px;\">\n<td style=\"background-color: #2e3545; height: 24px; width: 116.794%; text-align: right;\" colspan=\"3\" width=\"114\"><span style=\"color: #ffffff;\"><strong>Die gro\u00dfe Artemis Show!<\/strong><\/span><\/td>\n<\/tr>\n<tr style=\"height: 24px;\">\n<td style=\"background-color: #2e3545; height: 10px; width: 14.3991%; text-align: right;\" width=\"114\"><\/td>\n<td style=\"height: 10px; width: 37.1883%; text-align: left;\" width=\"378\"><em>Titel: Die gro\u00dfe Artemis Show!<\/em><br \/>\n<em>ID: A-MV-004<\/em><br \/>\n<em>Autor: Mo<\/em><br \/>\n<em>Kategorien: Soap, Humor, Mockumentary<\/em><br \/>\n<em>Inspirationen:<\/em><br \/>\n<em>Links:<\/em><\/td>\n<td style=\"vertical-align: top; height: 10px; width: 65.2069%;\" width=\"419\">\n<div id=\"magicdomid12\" class=\"ace-line\">\n<p>Durch einen Zufall erh\u00e4lt die Artemis hochdekorierten Besuch. Der Holoshow Produzent Thex Besnal strandet unverhofft auf an Bord. Aber irgendwie will er nicht mehr gehen. Und er hat gro\u00dfes vor! Ohne Gaspar Toussaint oder die Offiziere um Erlaubnis zu fragen, beschlie\u00dft Besnal, dass die Artemis der Handlungsort seiner neuen Holo Serie sein soll!<\/p>\n<p>Zu Beginn geschmeichelt, wird Gaspar schnell in die Realit\u00e4t zur\u00fcck geholt als er im Turbolift eines morgens auf seinen wundersch\u00f6nen Doppelg\u00e4nger trifft! Richtig! Ein Schauspieler spielt die Rolle des Gaspar Toussaint, genau wie alle anderen Crewmitglieder nur Namensgeber sind. Zunehmend genervt muss Gaspar feststellen, dass die gro\u00dfe Artemis Show in Wahrheit nichts mit der Realit\u00e4t zutun hat. Aber was hat Besnal davon? Was steckt hinter dem Ganzen? Und warum wurden sie mal wieder als letztes informiert?<\/p>\n<\/div>\n<\/td>\n<\/tr>\n<tr style=\"height: 24px;\">\n<td style=\"background-color: #2e3545; height: 24px; width: 116.794%; text-align: right;\" colspan=\"3\" width=\"114\"><span style=\"color: #ffffff;\"><strong>Das Todesurteil<\/strong><\/span><\/td>\n<\/tr>\n<tr style=\"height: 24px;\">\n<td style=\"height: 10px; width: 14.3991%; text-align: right; background-color: #2e3545;\" width=\"114\"><\/td>\n<td style=\"height: 10px; width: 37.1883%; text-align: left;\" width=\"378\"><em>Titel: Das Todesurteil<\/em><br \/>\n<em>ID: A-MV-005<\/em><br \/>\n<em>Autor: Bernd<\/em><br \/>\n<em>Kategorien: Thriller, Agenten, Drama<\/em><br \/>\n<em>Inspirationen:<\/em><br \/>\n<em>Links:<\/em><\/td>\n<td style=\"vertical-align: top; height: 10px; width: 65.2069%;\" width=\"419\">Tams Mutter wird auf einem f\u00f6derationsfremden (aber ggf. -freundlichen) Spezies zusammen mit anderen F\u00f6derationsmitgliedern der Spionage verd\u00e4chtigt, verhaftet und zum Tod verurteilt. Der Artemis obliegt es die Situation zu kl\u00e4ren, ohne die Beziehung zur Spezies zu gef\u00e4hrden. Haken: Tams Mutter IST Agentin. Das zuzugeben w\u00fcrde die Situation aber nicht vereinfachen.<\/td>\n<\/tr>\n<tr style=\"height: 24px;\">\n<td style=\"height: 24px; width: 116.794%; text-align: right; background-color: #2e3545;\" colspan=\"3\" width=\"114\"><strong><span style=\"color: #ffffff;\">Die Doppelg\u00e4ngerin<\/span><\/strong><\/td>\n<\/tr>\n<tr style=\"height: 24px;\">\n<td style=\"height: 10px; width: 14.3991%; text-align: right; background-color: #2e3545;\" width=\"114\"><\/td>\n<td style=\"height: 10px; width: 37.1883%; text-align: left;\" width=\"378\"><em>Titel: Die Doppelg\u00e4ngerin<br \/>\nID: A-MV-006<br \/>\nAutor: Mo<br \/>\nKategorien: Krimi, Drama, Plottwist<br \/>\nInspirationen:<br \/>\nLinks:<\/em><\/td>\n<td style=\"vertical-align: top; height: 10px; width: 65.2069%;\" width=\"419\">Es wird die Leiche einer Frau gefunden. Eine hochrangige Person! Bei einer genauen Untersuchung kommt allerdings heraus das es sich um eine Doppelg\u00e4ngerin handelt. Die &#8220;echte&#8221; Person ist v\u00f6llig au\u00dfer sich! Aber stimmt ihre Geschichte wirklich? Oder hat sie mit dem mysteri\u00f6sen Mordfall etwas zutun?<\/td>\n<\/tr>\n<tr style=\"height: 24px;\">\n<td style=\"background-color: #2e3545; height: 24px; width: 116.794%; text-align: right;\" colspan=\"3\" width=\"114\"><\/td>\n<\/tr>\n<\/tbody>\n<\/table>\n<div id=\"magicdomid12\" class=\"ace-line\"><\/div>\n","protected":false},"excerpt":{"rendered":"<p>Missionsvorschl\u00e4ge &nbsp; Diese Seite sammelt Missionsvorschl\u00e4ge, \u00fcber die dann zu gegebener Zeit abgestimmt werden kann. Zu jedem Vorschlag sollten folgende Informationen vorliegen: Ein (griffiger) Missionstitel Wer reicht die Mission ein? Worum geht es? Hier sollte eine Kurzbeschreibung geschrieben werden.Ein Vorschlag kann, muss aber nicht, weiter ausgearbeitet werden. Es ist vollkommen in Ordnung, nur eine kurze&#8230;<\/p>\n<p class=\"more-link-wrap\"><a href=\"https:\/\/sf-germany.org\/einheiten\/uss-artemis\/logbuch\/missionsvorschlaege\/\" class=\"more-link\">Read More<span class=\"screen-reader-text\"> &ldquo;Missionsvorschl\u00e4ge&rdquo;<\/span> &raquo;<\/a><\/p>\n","protected":false},"author":2,"featured_media":0,"parent":3934,"menu_order":3,"comment_status":"closed","ping_status":"closed","template":"","meta":{"footnotes":""},"class_list":["post-2746","page","type-page","status-publish","hentry"],"_links":{"self":[{"href":"https:\/\/sf-germany.org\/einheiten\/uss-artemis\/wp-json\/wp\/v2\/pages\/2746","targetHints":{"allow":["GET"]}}],"collection":[{"href":"https:\/\/sf-germany.org\/einheiten\/uss-artemis\/wp-json\/wp\/v2\/pages"}],"about":[{"href":"https:\/\/sf-germany.org\/einheiten\/uss-artemis\/wp-json\/wp\/v2\/types\/page"}],"author":[{"embeddable":true,"href":"https:\/\/sf-germany.org\/einheiten\/uss-artemis\/wp-json\/wp\/v2\/users\/2"}],"replies":[{"embeddable":true,"href":"https:\/\/sf-germany.org\/einheiten\/uss-artemis\/wp-json\/wp\/v2\/comments?post=2746"}],"version-history":[{"count":9,"href":"https:\/\/sf-germany.org\/einheiten\/uss-artemis\/wp-json\/wp\/v2\/pages\/2746\/revisions"}],"predecessor-version":[{"id":4237,"href":"https:\/\/sf-germany.org\/einheiten\/uss-artemis\/wp-json\/wp\/v2\/pages\/2746\/revisions\/4237"}],"up":[{"embeddable":true,"href":"https:\/\/sf-germany.org\/einheiten\/uss-artemis\/wp-json\/wp\/v2\/pages\/3934"}],"wp:attachment":[{"href":"https:\/\/sf-germany.org\/einheiten\/uss-artemis\/wp-json\/wp\/v2\/media?parent=2746"}],"curies":[{"name":"wp","href":"https:\/\/api.w.org\/{rel}","templated":true}]}}