{"id":1748,"date":"2020-07-13T20:47:08","date_gmt":"2020-07-13T18:47:08","guid":{"rendered":"http:\/\/www.sf-germany.org\/einheiten\/uss-odyssey\/?page_id=1748"},"modified":"2023-02-01T09:00:54","modified_gmt":"2023-02-01T08:00:54","slug":"tjr","status":"publish","type":"page","link":"https:\/\/sf-germany.org\/einheiten\/uss-artemis\/crew\/besatzung\/char-archiv\/tjr\/","title":{"rendered":"Thomas Jericho Reynolds"},"content":{"rendered":"<table style=\"background: none; border: 0px solid #ffffff; font-weight: bold;\" border=\"0\" width=\"95%\" cellspacing=\"5\" cellpadding=\"5\" align=\"center\">\n<tbody>\n<tr>\n<td style=\"background: none; border-radius: 1em; border: 0px solid #003366; box-shadow: 0.1em 0.1em 0.5em rgba(0,0,0,0.75); -webkit-border-radius: 1em; -moz-border-radius: 1em; -moz-box-shadow: 0.1em 0.1em 0.5em rgba(0, 0, 0, 0.75); -webkit-box-shadow: 0.1em 0.1em 0.5em rgba(0, 0, 0, 0.75);\" colspan=\"5\" rowspan=\"3\" align=\"center\" valign=\"middle\">\n<h2><strong>Thomas Jericho Reynolds<\/strong><\/h2>\n<\/td>\n<\/tr>\n<\/tbody>\n<\/table>\n<p>&nbsp;<\/p>\n<div style=\"float: left; margin-right: 15px; margin-bottom: 15px; font-size: 11px; width: 300px; padding-left: 10px; padding-right: 10px;\">\n<table style=\"background: none; border-radius: 1em; border: 0px solid #003366; margin-bottom: 15px; margin-right: 15px; float: left; box-shadow: 0.1em 0.1em 0.5em rgba(0,0,0,0.75); -webkit-border-radius: 1em; -moz-border-radius: 1em; -moz-box-shadow: 0.1em 0.1em 0.5em rgba(0, 0, 0, 0.75); -webkit-box-shadow: 0.1em 0.1em 0.5em rgba(0, 0, 0, 0.75);\" border=\"1\" width=\"250\" cellspacing=\"10\" align=\"left\">\n<tbody>\n<tr>\n<td style=\"border: 0px solid transparent; font-weight: bold;\" colspan=\"2\" align=\"center\" width=\"250\"><a href=\"https:\/\/sf-germany.org\/einheiten\/uss-artemis\/wp-content\/uploads\/2022\/09\/Reynolds.jpg\" rel=\"lightbox-0\"><img loading=\"lazy\" decoding=\"async\" class=\"aligncenter wp-image-3690\" src=\"https:\/\/sf-germany.org\/einheiten\/uss-artemis\/wp-content\/uploads\/2022\/09\/Reynolds.jpg\" alt=\"\" width=\"150\" height=\"136\" srcset=\"https:\/\/sf-germany.org\/einheiten\/uss-artemis\/wp-content\/uploads\/2022\/09\/Reynolds.jpg 520w, https:\/\/sf-germany.org\/einheiten\/uss-artemis\/wp-content\/uploads\/2022\/09\/Reynolds-300x271.jpg 300w\" sizes=\"auto, (max-width: 150px) 100vw, 150px\" \/><\/a><\/td>\n<\/tr>\n<tr>\n<td style=\"border: 0px solid transparent; font-weight: bold;\" colspan=\"2\" align=\"center\" width=\"250\">Thomas Jericho Reynolds<\/td>\n<\/tr>\n<tr>\n<td style=\"border: 0px solid transparent; font-weight: bold;\" align=\"right\" width=\"111\">Status<\/td>\n<td style=\"border: 0px solid transparent;\" align=\"left\" width=\"129\">PC<\/td>\n<\/tr>\n<tr>\n<td style=\"border: 0px solid transparent; font-weight: bold;\" align=\"right\" width=\"111\">Spieler<\/td>\n<td style=\"border: 0px solid transparent;\" align=\"left\" width=\"129\">Sascha W.<\/td>\n<\/tr>\n<tr>\n<td style=\"background: #555555; border-radius: 1em; border: 0px solid #003366; font-weight: bold; box-shadow: 0.1em 0.1em 0.5em rgba(0,0,0,0.75); -webkit-border-radius: 1em; -webkit-box-shadow: 0.1em 0.1em 0.5em rgba(0, 0, 0, 0.75);\" colspan=\"2\" align=\"center\" width=\"250\">Dienstliche Informationen<\/td>\n<\/tr>\n<tr>\n<td style=\"border: 0px solid transparent; font-weight: bold; vertical-align: middle;\" align=\"right\" width=\"111\">Ranggrafik<\/td>\n<td style=\"border: 0px solid transparent;\" align=\"left\" width=\"129\"><a href=\"https:\/\/sf-germany.org\/einheiten\/uss-artemis\/wp-content\/uploads\/2022\/09\/g-e9.png\" rel=\"lightbox-1\"><img loading=\"lazy\" decoding=\"async\" class=\"aligncenter wp-image-3122\" src=\"https:\/\/sf-germany.org\/einheiten\/uss-artemis\/wp-content\/uploads\/2022\/09\/g-e9.png\" alt=\"Master Gunnery Sergeant\" width=\"100\" height=\"25\" \/><\/a><\/td>\n<\/tr>\n<tr>\n<td style=\"border: 0px solid transparent; font-weight: bold;\" align=\"right\" width=\"111\">Rang<\/td>\n<td style=\"border: 0px solid transparent;\" align=\"left\" width=\"129\">Master Gunnery<br \/>\nSergeant<\/td>\n<\/tr>\n<tr>\n<td style=\"border: 0px solid transparent; font-weight: bold;\" align=\"right\" width=\"111\">Posten<\/td>\n<td style=\"border: 0px solid transparent;\" align=\"left\" width=\"129\">CCP, Zugf\u00fchrer<br \/>\nSpecial Force<\/td>\n<\/tr>\n<tr>\n<td style=\"border: 0px solid transparent; font-weight: bold;\" align=\"right\" width=\"111\">Stationierung<\/td>\n<td style=\"border: 0px solid transparent;\" align=\"left\" width=\"129\">USS Artemis<\/td>\n<\/tr>\n<tr>\n<td style=\"background: #555555; border-radius: 1em; border: 0px solid #003366; font-weight: bold; box-shadow: 0.1em 0.1em 0.5em rgba(0,0,0,0.75); -webkit-border-radius: 1em; -webkit-box-shadow: 0.1em 0.1em 0.5em rgba(0, 0, 0, 0.75);\" colspan=\"2\" align=\"center\" width=\"250\">Biographische Informationen<\/td>\n<\/tr>\n<tr>\n<td style=\"border: 0px solid transparent; font-weight: bold;\" align=\"right\" width=\"111\">Geburtsjahr<\/td>\n<td style=\"border: 0px solid transparent;\" align=\"left\" width=\"129\">15.04.2378<\/td>\n<\/tr>\n<tr>\n<td style=\"border: 0px solid transparent; font-weight: bold;\" align=\"right\" width=\"111\">Geburtsort<\/td>\n<td style=\"border: 0px solid transparent;\" align=\"left\" width=\"129\">Fort Yuko, Alaska,<br \/>\nErde<\/td>\n<\/tr>\n<tr>\n<td style=\"border: 0px solid transparent; font-weight: bold;\" align=\"right\" width=\"111\">Familienstand<\/td>\n<td style=\"border: 0px solid transparent;\" align=\"left\" width=\"129\">vergeben<\/td>\n<\/tr>\n<tr>\n<td style=\"border: 0px solid transparent; font-weight: bold;\" align=\"right\" width=\"111\">Eltern<\/td>\n<td style=\"border: 0px solid transparent;\" align=\"left\" width=\"129\">Nathalie und Jericho<br \/>\nReynolds<\/td>\n<\/tr>\n<tr>\n<td style=\"border: 0px solid transparent; font-weight: bold;\" align=\"right\" width=\"111\">Geschwister<\/td>\n<td style=\"border: 0px solid transparent;\" align=\"left\" width=\"129\">3 Br\u00fcder,<br \/>\n1 Schwester<\/td>\n<\/tr>\n<tr>\n<td style=\"background: #555555; border-radius: 1em; border: 0px solid #003366; font-weight: bold; box-shadow: 0.1em 0.1em 0.5em rgba(0,0,0,0.75); -webkit-border-radius: 1em; -webkit-box-shadow: 0.1em 0.1em 0.5em rgba(0, 0, 0, 0.75);\" colspan=\"2\" align=\"center\" width=\"250\">Physische Beschreibung<\/td>\n<\/tr>\n<tr>\n<td style=\"border: 0px solid transparent; font-weight: bold;\" align=\"right\" width=\"111\">Spezies<\/td>\n<td style=\"border: 0px solid transparent;\" align=\"left\" width=\"129\">Mensch<\/td>\n<\/tr>\n<tr>\n<td style=\"border: 0px solid transparent; font-weight: bold;\" align=\"right\" width=\"111\">Geschlecht<\/td>\n<td style=\"border: 0px solid transparent;\" align=\"left\" width=\"129\">m\u00e4nnlich<\/td>\n<\/tr>\n<tr>\n<td style=\"border: 0px solid transparent; font-weight: bold;\" align=\"right\" width=\"111\">Gr\u00f6\u00dfe<\/td>\n<td style=\"border: 0px solid transparent;\" align=\"left\" width=\"129\">1,79m<\/td>\n<\/tr>\n<tr>\n<td style=\"border: 0px solid transparent; font-weight: bold;\" align=\"right\" width=\"111\">Gewicht<\/td>\n<td style=\"border: 0px solid transparent;\" align=\"left\" width=\"129\">76 kg<\/td>\n<\/tr>\n<tr>\n<td style=\"border: 0px solid transparent; font-weight: bold;\" align=\"right\" width=\"111\">Haarfarbe<\/td>\n<td style=\"border: 0px solid transparent;\" align=\"left\" width=\"129\">schwarz<\/td>\n<\/tr>\n<tr>\n<td style=\"border: 0px solid transparent; font-weight: bold;\" align=\"right\" width=\"111\">Augenfarbe<\/td>\n<td style=\"border: 0px solid transparent;\" align=\"left\" width=\"129\">gr\u00fcn<\/td>\n<\/tr>\n<tr>\n<td style=\"border: 0px solid transparent; font-weight: bold;\" align=\"right\" width=\"111\">Hautfarbe<\/td>\n<td style=\"border: 0px solid transparent;\" align=\"left\" width=\"129\">?<\/td>\n<\/tr>\n<tr>\n<td style=\"border: 0px solid transparent; font-weight: bold;\" align=\"right\" width=\"111\">Verhalten<\/td>\n<td style=\"border: 0px solid transparent;\" align=\"left\" width=\"129\">?<\/td>\n<\/tr>\n<tr>\n<td style=\"border: 0px solid transparent; font-weight: bold;\" align=\"right\" width=\"111\">Kurzinfo<\/td>\n<td style=\"border: 0px solid transparent;\" align=\"left\" width=\"129\">?<\/td>\n<\/tr>\n<tr>\n<td style=\"background: #555555; border-radius: 1em; border: 0px solid #003366; font-weight: bold; box-shadow: 0.1em 0.1em 0.5em rgba(0,0,0,0.75); -webkit-border-radius: 1em; -webkit-box-shadow: 0.1em 0.1em 0.5em rgba(0, 0, 0, 0.75);\" colspan=\"2\" align=\"center\" width=\"250\">Politische Informationen<\/td>\n<\/tr>\n<tr>\n<td style=\"border: 0px solid transparent; font-weight: bold;\" align=\"right\" width=\"111\">B\u00fcrgerschaft<\/td>\n<td style=\"border: 0px solid transparent;\" align=\"left\" width=\"129\">UFP<\/td>\n<\/tr>\n<tr>\n<td style=\"border: 0px solid transparent; font-weight: bold;\" align=\"right\" width=\"111\">\u00a0Religion<\/td>\n<td style=\"border: 0px solid transparent;\" align=\"left\" width=\"129\">kein Bekenntnis<\/td>\n<\/tr>\n<\/tbody>\n<\/table>\n<\/div>\n<p><strong><span style=\"font-family: 'Big Shoulders Text'; font-size: 24pt;\">Lebenslauf<\/span><\/strong><\/p>\n<p><b>Kindheit und Jugend<\/b><br \/>\nThomas wurde 2378 als erstes Kind von Nathalie und Jericho Reynolds in Fort Yukon, Alaska geboren. Seine Eltern waren beide Ranger der Nationalparkverwaltung des Arctic National Wildlife Refuge. Er hat noch drei Br\u00fcdern und eine Schwester. Sie wurden sehr liebevoll und naturverbunden erzogen.<\/p>\n<p>Die Kinder begleiteten die Eltern von klein auf bei ihren Ranger-Aufgaben in den Nationalpark. Thomas wuchs in und mit der Natur auf. Er lernte fr\u00fch zu jagen und Fische zu fangen, in der Wildnis zu \u00fcberleben und Hundeschlitten zu steuern.<\/p>\n<p>Die Familie z\u00fcchtete Alaskan Malamutes und nahm sehr erfolgreich an Hundeschlittenrennen teil. Thomas wurde mit 16 Jahren Vizemeister der Yukon Trophy, einem Hundeschlittenrennen auf dem alten Yukon Post Trail, bei dem ein Postsack von mehreren Musher \u00fcber 1800 Kilometer transportiert wird.<\/p>\n<p><b>Ausbildung<\/b><br \/>\nThomas besuchte die Primary School und High School in Fort Yukon. So sehr er Sport und Technik liebte, so sehr stand er mit Fremdsprachen auf dem Kriegsfu\u00df. Er war Teil des Timber-Sports-Teams seiner Highschool. Seine Paradedisziplin war Standing Block Chop. Seine sp\u00e4tere Frau Rosalie lernte er bei einem Wettkampf kennen. Sie war Head-Cheerleaderin des gegnerischen Teams.<\/p>\n<p><b>Karriere beim Starfleet Marine Corps<\/b><br \/>\nNach seinem Schulabschluss w\u00e4re Thomas gerne Nationalpark-Ranger geworden, fand aber keine Stelle, die ihm au\u00dferhalb Alaskas gefallen h\u00e4tte. F\u00fcr einen freien Posten sollte er zwei Jahre warten. Dies frustrierte ihn sehr. Er heuerte bei einer Holzf\u00e4ller-Firma an, um weiterhin in der Wildnis leben zu k\u00f6nnen.<\/p>\n<p>Bei einem Streifzug mit Arbeitskollegen durchs n\u00e4chtliche Anchorage landete er in einem Rekrutierungsb\u00fcro des Starfleet Marine Corps. Gepackt von Abenteuerlust und ermutigt durch das ein oder andere Bier, schrieb er sich ein.<\/p>\n<p>Keine zwei Wochen sp\u00e4ter r\u00fcckte Thomas J. Reynolds als Rekrut in der Ausbildungseinheit auf Alpha Centauri ein. Dort durchlief er die \u00fcbliche zw\u00f6lfw\u00f6chige Grundausbildung f\u00fcr Mannschaftsdienstgrade. Anschlie\u00dfend wurde er zur weiteren Ausbildung zur\u00fcck auf die Erde versetzt, wo er zum Protokollsoldaten ausgebildet wurde. Er diente mit bestandener Pr\u00fcfung ab 2398 in der Ehrengarde des F\u00f6derationspr\u00e4sidenten in Paris. Dort machte er auch seiner Freundin Rosalie einen Antrag, stilecht in Galauniform vor dem abendlichen Eiffelturm. Die beiden heirateten im selben Jahr und Rosalie zog von Fort Yukon nach Paris. Au\u00dferdem wurde er zum Private First Class bef\u00f6rdert.<\/p>\n<p>2399 empfahl ihn sein Vorgesetzter zur Sergeant Pr\u00fcfung. Dazu musste Thomas das zweite Mal eine l\u00e4ngere Reise durchs All unternehmen. Er legte einen gro\u00dfen Teil des Lehrgangs in Camp Shran auf Andor ab. Die eigentliche Pr\u00fcfung auf Tellar Prime bestand Thomas mit Auszeichnung. Der frischgebackene Sergeant bekam daraufhin mehrere Angebote f\u00fcr seinen weiteren Dienst. Er entschloss sich eine Stelle als Hilfs-Ausbilder in Camp Shran anzunehmen.<\/p>\n<p>Rosalie war anfangs wenig davon begeistert. Sie hatte Thomas fast ein Jahr kaum gesehen, in der jungen Ehe kriselte es deshalb bereits, aber sie lie\u00df sich \u00fcberreden und plante ihren Umzug nach Andor. Doch dort kam sie nie lebend an. Das Passagierschiff wurde von orionischen Piraten \u00fcberfallen und Rosalie, die sich erbittert gegen eine Entf\u00fchrung wehrte, get\u00f6tet.<\/p>\n<p>Thomas, von diesem Schicksalsschlag schwer getroffen, meldete sich freiwillig zur neu gegr\u00fcndeten Task Force Pirateriebek\u00e4mpfung unter dem damaligen Major James MacArthur. Die n\u00e4chsten drei Jahre arbeitete er sich in das Kernkompetenzteam dieser Task Force ein und bildete ma\u00dfgeblich den Grundstein f\u00fcr die modernen Einsatzdokrinen mit.<\/p>\n<p>Nach den drei Jahren wurde er zur\u00fcck nach Andor gerufen und zum StaffSergeant bef\u00f6rdert. MacArthur sah in ihm einen wichtigen Grundstein, um angehenden Offizieren die asymetrische Kriegsf\u00fchrung n\u00e4her zu bringen. Der Kontakt der beiden riss jedoch nie ab. Dadurch konnte Thomas in den Wintermonaten, w\u00e4hrend der lehrgangsfreien Zeiten, in der Task Force dienen. Dort gelangen ihm immer wieder, zusammen mit den anderen Marines, einige gro\u00dfe Erfolge gegen das Orionische Syndikat, die Nausikaanischen Clans und weitere Grenzweltbanden.<\/p>\n<p>In dieser Zeit lernte er auch Ratana Tiru kennen. Diese durchlief bei ihm auf Andor einen Teil ihrer praktischen Ausbildung zum Offizier. Nach anf\u00e4nglichen Schwierigkeiten aufgrund ihrer orionischen Herkunft und seinen Vorverurteilungen durch das Erlebte, verbindet die Beiden heute eine spezielle Kameradschaft, die von hoher Achtung f\u00fcr die jeweiligen F\u00e4higkeiten gepr\u00e4gt ist.<\/p>\n<p>Aufgrund vorbildlicher Pflichterf\u00fcllung und herausragender Dienste, wurde er 2407 zum GunnerySergeant bef\u00f6rdert. Eine Feldbef\u00f6rderung zum Offizier, aufgrund seiner taktischen Finesse, lehnte er strikt ab. MacArthur zeigte sich davon entt\u00e4uscht, da er ihn als Bereicherung des Offizierkorps sah, respektierte jedoch diese Entscheidung.<\/p>\n<p>2412 kam es zu einer besonderen Adelung, als er bei der Verm\u00e4hlung von Lt. William Sunday und MCapt. Ratana Tiru den Brautvater geben durfte. Auf der USB Atlantis lernte er auch seine Lebensgef\u00e4hrtin Samantha Fox kennen. Kurz darauf wird er als Leibwache in den Dienst von Admiral Khan versetzt und begleitete sie zur Nargo-Mission.<\/p>\n<p>In den darauffolgenden Jahren war er abwechselnd als Ausbilder und Task Force Mitglied unterwegs.<\/p>\n<p>2416 meldete er sich freiwillig in eine Kampfeinheit, um im Krieg gegen die Klingonen zu k\u00e4mpfen. Kurz darauf wurde er zum Master GunnerySergeant bef\u00f6rdert.<\/p>\n<p><b>Tabellarischer Lebenslauf<\/b><\/p>\n<ul>\n<li>2397 Grundausbildung SCM auf Alpha Centauri Bef\u00f6rderung zum Private<\/li>\n<li>2398 Versetzung zur Ehrengarde des F\u00f6derationspr\u00e4sidenten nach Paris\/Erde Bef\u00f6rderung zum Private First Class<\/li>\n<li>2399 Teilnahme am Sergeant-Lehrgang in Camp Shran\/Andor<\/li>\n<li>2400 Bef\u00f6rderung zum Sergeant<\/li>\n<li>2401 Versetzung zur Task Force Pirateriebek\u00e4mpfung auf eigenen Wunsch<\/li>\n<li>2403 Bef\u00f6rderung zum Staff Sergeant und Versetzung als Offiziers-Ausbilder nach Camp Shran auf Andor<\/li>\n<li>2407 Bef\u00f6rderung zum GunnerySergeant \u2013 J\u00e4hrlicher Winterdienst in der Task Force Pirateriebek\u00e4mpfung<\/li>\n<li>2412 Bef\u00f6rderung zum Master Sergeant \u2013 Winterdienst als Leibwache f\u00fcr Admiral Khan<\/li>\n<li>2416 Versetzung in eine Kampfeinheit. Bef\u00f6rderung zum Master Gunnery Sergeant<\/li>\n<\/ul>\n<p>&nbsp;<\/p>\n<p>&nbsp;<\/p>\n<p>&nbsp;<\/p>\n<hr \/>\n<p><strong><span style=\"font-family: 'Big Shoulders Text'; font-size: 24pt;\">Orden und Auszeichnungen<a href=\"https:\/\/sf-germany.org\/einheiten\/uss-artemis\/wp-content\/uploads\/2022\/09\/Thomas-J.-Reynolds.jpg\" rel=\"lightbox-2\"><img loading=\"lazy\" decoding=\"async\" class=\"alignright wp-image-3646\" src=\"https:\/\/sf-germany.org\/einheiten\/uss-artemis\/wp-content\/uploads\/2022\/09\/Thomas-J.-Reynolds.jpg\" alt=\"\" width=\"200\" height=\"283\" srcset=\"https:\/\/sf-germany.org\/einheiten\/uss-artemis\/wp-content\/uploads\/2022\/09\/Thomas-J.-Reynolds.jpg 620w, https:\/\/sf-germany.org\/einheiten\/uss-artemis\/wp-content\/uploads\/2022\/09\/Thomas-J.-Reynolds-212x300.jpg 212w\" sizes=\"auto, (max-width: 200px) 100vw, 200px\" \/><\/a><\/span><\/strong><\/p>\n<p><i>Keine Eintragungen<\/i><\/p>\n<p>&nbsp;<\/p>\n<p>&nbsp;<\/p>\n<p>&nbsp;<\/p>\n<p>&nbsp;<\/p>\n<hr \/>\n<p><strong><span style=\"font-family: 'Big Shoulders Text'; font-size: 24pt;\">Psychologisches Profil<\/span><\/strong><\/p>\n<p>Thomas Reynolds ist sehr selbstbeherrscht. Neben der n\u00f6tigen Professionalit\u00e4t zeichnen ihn Routine und \u00fcberlegtes Handeln aus. Dies scheint in seiner Jugend begr\u00fcndet, die er im wilden Alaska verbracht hat. Dort standen Begegnungen mit den gro\u00dfen Landraubtieren an der Tagesordnung.<\/p>\n<p>Vermutlich aufgrund der Einsamkeit in der Wildnis ist Thomas kein sehr kommunikativer Mensch. Er hat keine Probleme sich in soziale Strukturen einzuf\u00fcgen und f\u00fcrchtet sich nicht davor, auch bei strittigen Themen Position zu beziehen. Seine Antworten sind jedoch knapp und direkt. Diskussionen folgt er mit dem n\u00f6tigen Interesse, jedoch scheint er keinen Bedarf darin zu sehen, sich an jeder beteiligen zu m\u00fcssen.<\/p>\n<p>Seine Ruhe strahlt auf andere Personen in seinem Umkreis ab. Dadurch ist er h\u00e4ufig in der Lage, Situationen zum Guten zu wenden. Auch schafft es eine Art Vertrauen der niederen Dienstgrade in ihn, die so nur selten zu finden ist. Aber auch Offiziere sch\u00e4tzen seine Ruhe und Souver\u00e4nit\u00e4t.<\/p>\n<p>Ungerechtigkeiten und \u00fcberhebliches Verhalten von Offizieren sind Gr\u00fcnde Thomas ruhige Fassade ins Wanken zu bringen. Dann kann es passieren, dass er sehr direkt wird und sich im Ton vergreift.<\/p>\n<p>Die Zeit mit seiner Familie empfindet er als gro\u00dfes Geschenk, welches ihm Halt und Stabilit\u00e4t gibt. Den Stress der Eins\u00e4tze bew\u00e4ltigt er, indem er mit anderen Beteiligten dar\u00fcber redet, um so das Geschehene zu verarbeiten und nicht mit nach Hause zu nehmen. Dar\u00fcber hinaus geben ihm viele Stunden in der Wildnis Andorias oder des Holodecks die n\u00f6tige Erdung zur\u00fcck. Jedoch scheinen ihm auch Feiern mit den Marines von Zeit zu Zeit recht willkommen, um abschalten zu k\u00f6nnen.<\/p>\n<p>Er scheint jemand zu sein, der auch einfach mal allein sein muss, um abschalten zu k\u00f6nnen. Seine Partnerin hat dies erkannt und akzeptiert. Aufgrund dieser Sachlage scheint es sich bei Thomas Reynolds um einen Grenzg\u00e4nger zu handeln, der sowohl introvertiertes, als auch extrovertiertes Verhalten an den Tag legt.<\/p>\n<hr \/>\n<p><strong><span style=\"font-family: 'Big Shoulders Text'; font-size: 24pt;\">Spezialgebiete<\/span><\/strong><\/p>\n<p><b>Zivile Vorbildung<\/b><\/p>\n<ul>\n<li>Thomas kann als Holzf\u00e4ller B\u00e4ume f\u00e4llen und Holz verarbeiten<\/li>\n<li>Er kann Hunde ausbilden und einen Hundeschlitten fahren.<\/li>\n<\/ul>\n<p><b>Ausbildung beim Starfleet Marine Corps<\/b><\/p>\n<ul>\n<li>Grundausbildung<\/li>\n<li>Protokollsoldat<\/li>\n<li>Einzelk\u00e4mpfer<\/li>\n<li>Aufkl\u00e4rung<\/li>\n<li>Scharfsch\u00fctze<\/li>\n<\/ul>\n<p><b>Sprachen<\/b><\/p>\n<ul>\n<li>F\u00f6derationsstandard<\/li>\n<li>Englisch<\/li>\n<li>Fl\u00fcche und Beleidigungen in diversen beim SMC vertretenen intergalaktischen Sprachen<\/li>\n<\/ul>\n<p><strong><span style=\"font-family: 'Big Shoulders Text'; font-size: 18pt;\">St\u00e4rken und Schw\u00e4chen<\/span><\/strong><\/p>\n<p><b>Positiv<\/b><\/p>\n<ul>\n<li>verantwortungsbewusst und loyal<\/li>\n<li>ruhig in brenzligen Situationen, mit erstaunlichem Gl\u00fcck und Sinn f\u00fcrs \u00dcberleben<\/li>\n<li>Familienmensch, auch wenn er es nie zugeben w\u00fcrde<\/li>\n<li>Herausragender Einheitsf\u00fchrer, auch unter Gefechtsbedingungen<\/li>\n<\/ul>\n<p><b>Negativ<\/b><\/p>\n<ul>\n<li>Ordnungsfanatiker<\/li>\n<li>Wortkarg, redet aber manchmal schneller als er denken kann, insbesondere gegen\u00fcber Offizieren und wird dabei sehr direkt<\/li>\n<li>Braucht seinen Dienst f\u00fcrs Starfleet Marine Corps, sonst f\u00fchlt er sich unwohl<\/li>\n<\/ul>\n<p><b>Vorlieben<\/b><\/p>\n<ul>\n<li>An Hunden von Knieh\u00f6he aufw\u00e4rts kann Thomas nicht vorbeigehen<\/li>\n<li>Frauen mit Kurven, insbesondere seine Sam und Trill (wegen den Flecken)<\/li>\n<li>Ein gutes Glas Whiskey oder Bier<\/li>\n<li>Muss jede Axt in die Hand nehmen, die er findet.<\/li>\n<li>Alle Pflanzen \u00fcber 1,20m Brusth\u00f6hendurchmesser wecken sein Interesse<\/li>\n<\/ul>\n<p><b>Abneigungen<\/b><\/p>\n<ul>\n<li>Durch den Tod seiner ersten Frau bei einem Piraten\u00fcberfall hat er eine tiefe Abneigung und viele Vorurteile gegen\u00fcber Orionern<\/li>\n<li>Unordnung und Unp\u00fcnktlichkeit<\/li>\n<li>Kleine Hunde, Katzen und Ameisen!<\/li>\n<li>Hasst Tabakqualm<\/li>\n<\/ul>\n<hr \/>\n<p><strong><span style=\"font-family: 'Big Shoulders Text'; font-size: 24pt;\">Familie<\/span><\/strong><\/p>\n<p>Thomas lernte 2312 auf der USB Atlantis die Sanit\u00e4terin Samantha Fox aus der USS Achilles Special Force kennen. Die beiden verbrachten eine Nacht miteinander, mit dem Ergebnis, dass Sam von ihm schwanger wurde. Sechs Monate sp\u00e4ter gestand sie ihm dies, als er als Leibwache von Admiral Khan an Bord der USS Achilles war. Thomas und Sam gerieten erst in einen erbitterten Streit, da Thomas dachte, das Kind w\u00e4re von einer ihrer zahlreichen Abenteuer. Schlie\u00dflich brachte ein DNA-Test Gewissheit. Thomas \u00fcbernahm die Verantwortung und Sam begleitete ihn nach Camp Shran. Aus der anf\u00e4nglichen Aff\u00e4re wurde mit der Zeit echte Liebe. 2412 wird Thomas Junior in Camp Shran geboren, zwei Jahre sp\u00e4ter kam Tochter Victoria zur Welt. Beide entschlossen sich nie zu heiraten, da Ehen im Marine Corps selten unter einem guten Stern stehen.<\/p>\n<hr \/>\n<p><strong><span style=\"font-family: 'Big Shoulders Text'; font-size: 24pt;\">Hobbies<\/span><\/strong><\/p>\n<p>In seiner Jugend nahm Thomas begeistert an Hundeschlittenrennen teil. Auf Andor erkannte er seine Leidenschaft f\u00fcr Fels- und Eisklettern sowie ausgedehnte Gletscher- und Eish\u00f6hlentouren. Au\u00dferdem f\u00e4hrt er gerne Kajak. Mit seinem Sohn Tommy zusammen geht er gerne Tiere beobachten oder f\u00e4hrt Motorschlitten.<\/p>\n<hr \/>\n<p><strong><span style=\"font-family: 'Big Shoulders Text'; font-size: 24pt;\">Medizinisches Profil<\/span><\/strong><\/p>\n<p>Thomas Reynolds ist uneingeschr\u00e4nkt dienstf\u00e4hig. Alle bisher im Dienst erlittenen Verletzungen sind folgenlos ausgeheilt. Dem Patienten wird eine hervorragende k\u00f6rperliche wie geistige Einsatzbereitschaft bescheinigt (Tauglichkeit X-1).<\/p>\n<p><b>Krankheiten &amp; Gesundheit:<\/b><\/p>\n<ul>\n<li>2402 \u2013 Stichverletzung Oberschenkel<\/li>\n<li>2405 \u2013Pheromonvergiftung, gebrochene Nase und Jochbein<\/li>\n<li>2406 \u2013 Schusswunde<\/li>\n<li>2408 \u2013 Stichverletzung Oberk\u00f6rper<\/li>\n<li>2410 \u2013 Kn\u00f6chelbruch<\/li>\n<li>2412 \u2013 Gehirnersch\u00fctterung aufgrund stumpfer Gewalt<\/li>\n<li>2413 \u2013 Gehirnersch\u00fctterung, W\u00fcrgemale, Stichwunde, diverse Hautabsch\u00fcrfungen<\/li>\n<\/ul>\n<hr \/>\n<p><strong><span id=\"Haustier\" class=\"mw-headline\" style=\"font-family: 'Big Shoulders Text'; font-size: 24pt;\">Haustier<\/span><\/strong><\/p>\n<p>Diensthund \u201eSkipper\u201c, ein Deutsch-Kurzhaar R\u00fcde, Braunschimmel, 64cm hoch, 30 Kilo schwer. Der ausgebildete Schutz- und Sprengstoffhund verlor seinen Hundef\u00fchrer w\u00e4hrend eines Gefechts und wich Thomas seitdem nicht von der Seite. Skipper ist, wie f\u00fcr die Rasse typisch, \u00e4u\u00dferst anh\u00e4nglich, liebt skurrile Schlafpositionen und verliert \u00fcberall graue und braune Haare \u2013 sehr zu Thomas Leidwesen. Thomas versucht Skipper darauf zu trainieren eine Kamera zu tragen und per Mikrofon am Ohr Befehle entgegen zu nehmen.<\/p>\n<hr \/>\n<p><strong><span style=\"font-family: 'Big Shoulders Text'; font-size: 24pt;\">Sonstiges<\/span><\/strong><\/p>\n<p>Thomas J. Reynolds gro\u00dfer Traum ist es einmal Sergeant Major of the Starfleet Marine Corps zu werden. Diesen Posten gibt es nur ein einziges Mal. Deshalb ist er auch bisher kategorisch gegen eine Feldbef\u00f6rderung zum Offizier gewesen.<\/p>\n<hr \/>\n<p><strong><span style=\"font-family: 'Big Shoulders Text'; font-size: 24pt;\">Klassifzierte Sektion<\/span><\/strong><\/p>\n<p>keine Angaben<\/p>\n<p>&nbsp;<\/p>\n<p>&nbsp;<\/p>\n","protected":false},"excerpt":{"rendered":"<p>Thomas Jericho Reynolds &nbsp; Thomas Jericho Reynolds Status PC Spieler Sascha W. Dienstliche Informationen Ranggrafik Rang Master Gunnery Sergeant Posten CCP, Zugf\u00fchrer Special Force Stationierung USS Artemis Biographische Informationen Geburtsjahr 15.04.2378 Geburtsort Fort Yuko, Alaska, Erde Familienstand vergeben Eltern Nathalie und Jericho Reynolds Geschwister 3 Br\u00fcder, 1 Schwester Physische Beschreibung Spezies Mensch Geschlecht m\u00e4nnlich Gr\u00f6\u00dfe&#8230;<\/p>\n<p class=\"more-link-wrap\"><a href=\"https:\/\/sf-germany.org\/einheiten\/uss-artemis\/crew\/besatzung\/char-archiv\/tjr\/\" class=\"more-link\">Read More<span class=\"screen-reader-text\"> &ldquo;Thomas Jericho Reynolds&rdquo;<\/span> &raquo;<\/a><\/p>\n","protected":false},"author":2,"featured_media":0,"parent":4455,"menu_order":2,"comment_status":"closed","ping_status":"closed","template":"","meta":{"footnotes":""},"class_list":["post-1748","page","type-page","status-publish","hentry"],"_links":{"self":[{"href":"https:\/\/sf-germany.org\/einheiten\/uss-artemis\/wp-json\/wp\/v2\/pages\/1748","targetHints":{"allow":["GET"]}}],"collection":[{"href":"https:\/\/sf-germany.org\/einheiten\/uss-artemis\/wp-json\/wp\/v2\/pages"}],"about":[{"href":"https:\/\/sf-germany.org\/einheiten\/uss-artemis\/wp-json\/wp\/v2\/types\/page"}],"author":[{"embeddable":true,"href":"https:\/\/sf-germany.org\/einheiten\/uss-artemis\/wp-json\/wp\/v2\/users\/2"}],"replies":[{"embeddable":true,"href":"https:\/\/sf-germany.org\/einheiten\/uss-artemis\/wp-json\/wp\/v2\/comments?post=1748"}],"version-history":[{"count":3,"href":"https:\/\/sf-germany.org\/einheiten\/uss-artemis\/wp-json\/wp\/v2\/pages\/1748\/revisions"}],"predecessor-version":[{"id":4023,"href":"https:\/\/sf-germany.org\/einheiten\/uss-artemis\/wp-json\/wp\/v2\/pages\/1748\/revisions\/4023"}],"up":[{"embeddable":true,"href":"https:\/\/sf-germany.org\/einheiten\/uss-artemis\/wp-json\/wp\/v2\/pages\/4455"}],"wp:attachment":[{"href":"https:\/\/sf-germany.org\/einheiten\/uss-artemis\/wp-json\/wp\/v2\/media?parent=1748"}],"curies":[{"name":"wp","href":"https:\/\/api.w.org\/{rel}","templated":true}]}}